CRAN Package Check Results for Package Sleuth2

Last updated on 2020-11-27 03:50:22 CET.

Flavor Version Tinstall Tcheck Ttotal Status Flags
r-devel-linux-x86_64-debian-clang 2.0-5 5.26 242.49 247.75 OK
r-devel-linux-x86_64-debian-gcc 2.0-5 3.88 181.43 185.31 OK
r-devel-linux-x86_64-fedora-clang 2.0-5 297.58 OK
r-devel-linux-x86_64-fedora-gcc 2.0-5 295.95 OK
r-devel-windows-ix86+x86_64 2.0-5 9.00 347.00 356.00 OK
r-patched-linux-x86_64 2.0-5 5.56 237.16 242.72 OK
r-patched-solaris-x86 2.0-5 361.70 NOTE
r-release-linux-x86_64 2.0-5 5.68 233.64 239.32 OK
r-release-macos-x86_64 2.0-5 OK
r-release-windows-ix86+x86_64 2.0-5 10.00 281.00 291.00 OK
r-oldrel-macos-x86_64 2.0-5 OK
r-oldrel-windows-ix86+x86_64 2.0-5 9.00 352.00 361.00 OK

Check Details

Version: 2.0-5
Check: installed package size
Result: NOTE
     installed size is 5.0Mb
     sub-directories of 1Mb or more:
     doc 4.2Mb
Flavor: r-patched-solaris-x86