CRAN Package Check Results for Package SixSigma

Last updated on 2020-09-24 03:53:09 CEST.

Flavor Version Tinstall Tcheck Ttotal Status Flags
r-devel-linux-x86_64-debian-clang 0.9-52 7.33 73.39 80.72 NOTE
r-devel-linux-x86_64-debian-gcc 0.9-52 5.40 55.97 61.37 NOTE
r-devel-linux-x86_64-fedora-clang 0.9-52 102.83 NOTE
r-devel-linux-x86_64-fedora-gcc 0.9-52 112.99 NOTE
r-devel-windows-ix86+x86_64 0.9-52 15.00 490.00 505.00 OK
r-patched-linux-x86_64 0.9-52 6.13 69.49 75.62 NOTE
r-patched-solaris-x86 0.9-52 130.50 NOTE
r-release-linux-x86_64 0.9-52 7.11 69.13 76.24 NOTE
r-release-macos-x86_64 0.9-52 OK
r-release-windows-ix86+x86_64 0.9-52 22.00 171.00 193.00 OK
r-oldrel-macos-x86_64 0.9-52 OK
r-oldrel-windows-ix86+x86_64 0.9-52 8.00 497.00 505.00 OK

Check Details

Version: 0.9-52
Check: for non-standard things in the check directory
Result: NOTE
    Found the following files/directories:
     'helicopter.pdf'
Flavors: r-devel-linux-x86_64-debian-clang, r-devel-linux-x86_64-debian-gcc, r-devel-linux-x86_64-fedora-clang, r-devel-linux-x86_64-fedora-gcc, r-patched-linux-x86_64, r-patched-solaris-x86, r-release-linux-x86_64