CRAN Package Check Results for Package SimplifyStats

Last updated on 2024-02-23 15:52:30 CET.

Flavor Version Tinstall Tcheck Ttotal Status Flags
r-devel-linux-x86_64-debian-clang 2.0.4 NOTE
r-devel-linux-x86_64-debian-gcc 2.0.4 4.46 53.84 58.30 NOTE
r-devel-linux-x86_64-fedora-clang 2.0.4 94.18 NOTE
r-devel-linux-x86_64-fedora-gcc 2.0.4 102.11 NOTE
r-devel-windows-x86_64 2.0.4 6.00 76.00 82.00 NOTE
r-patched-linux-x86_64 2.0.4 3.90 69.96 73.86 OK
r-release-linux-x86_64 2.0.4 3.62 69.09 72.71 OK
r-release-macos-arm64 2.0.4 40.00 OK
r-release-macos-x86_64 2.0.4 64.00 OK
r-release-windows-x86_64 2.0.4 7.00 86.00 93.00 OK
r-oldrel-macos-arm64 2.0.4 26.00 OK
r-oldrel-windows-x86_64 2.0.4 7.00 90.00 97.00 OK

Check Details

Version: 2.0.4
Check: Rd contents
Result: NOTE Auto-generated content requiring editing in Rd file 'SimplifyStats-package.Rd': \references: ‘This optional section can contain literature or other refere...’ \seealso: ‘Optional links to other man pages’ \examples: ‘\dontrun{ ## Optional simple examples of the most impor...’ Flavors: r-devel-linux-x86_64-debian-clang, r-devel-linux-x86_64-debian-gcc, r-devel-linux-x86_64-fedora-clang, r-devel-linux-x86_64-fedora-gcc, r-devel-windows-x86_64