Last updated on 2022-06-26 03:50:13 CEST.
Flavor | Version | Tinstall | Tcheck | Ttotal | Status | Flags |
---|---|---|---|---|---|---|
r-devel-linux-x86_64-debian-clang | 0.1.5 | 35.36 | 347.78 | 383.14 | NOTE | |
r-devel-linux-x86_64-debian-gcc | 0.1.5 | 27.82 | 253.39 | 281.21 | NOTE | |
r-devel-linux-x86_64-fedora-clang | 0.1.5 | 444.22 | OK | |||
r-devel-linux-x86_64-fedora-gcc | 0.1.5 | 445.79 | OK | |||
r-devel-windows-x86_64 | 0.1.5 | 60.00 | 334.00 | 394.00 | NOTE | |
r-patched-linux-x86_64 | 0.1.5 | 23.36 | 324.00 | 347.36 | NOTE | |
r-release-linux-x86_64 | 0.1.5 | 24.75 | 327.28 | 352.03 | NOTE | |
r-release-macos-arm64 | 0.1.5 | 95.00 | NOTE | |||
r-release-macos-x86_64 | 0.1.5 | 168.00 | NOTE | |||
r-release-windows-x86_64 | 0.1.5 | 54.00 | 334.00 | 388.00 | NOTE | |
r-oldrel-macos-arm64 | 0.1.5 | 92.00 | NOTE | |||
r-oldrel-macos-x86_64 | 0.1.5 | 126.00 | NOTE | |||
r-oldrel-windows-ix86+x86_64 | 0.1.5 | 74.00 | 341.00 | 415.00 | OK |
Version: 0.1.5
Check: package dependencies
Result: NOTE
Package suggested but not available for checking: 'INLA'
Flavors: r-devel-linux-x86_64-debian-clang, r-devel-linux-x86_64-debian-gcc, r-devel-windows-x86_64, r-patched-linux-x86_64, r-release-linux-x86_64, r-release-macos-arm64, r-release-macos-x86_64, r-release-windows-x86_64, r-oldrel-macos-arm64, r-oldrel-macos-x86_64