CRAN Package Check Results for Package SimRVSequences

Last updated on 2020-09-20 03:47:37 CEST.

Flavor Version Tinstall Tcheck Ttotal Status Flags
r-devel-linux-x86_64-debian-clang 0.2.7 13.02 163.76 176.78 OK
r-devel-linux-x86_64-debian-gcc 0.2.7 10.76 123.79 134.55 OK
r-devel-linux-x86_64-fedora-clang 0.2.7 221.97 OK
r-devel-linux-x86_64-fedora-gcc 0.2.7 210.48 OK
r-devel-windows-ix86+x86_64 0.2.7 28.00 170.00 198.00 OK
r-patched-linux-x86_64 0.2.7 13.15 156.78 169.93 OK
r-patched-solaris-x86 0.2.7 311.70 OK
r-release-linux-x86_64 0.2.7 13.00 156.94 169.94 OK
r-release-macos-x86_64 0.2.7 NOTE
r-release-windows-ix86+x86_64 0.2.7 29.00 208.00 237.00 OK
r-oldrel-macos-x86_64 0.2.7 OK
r-oldrel-windows-ix86+x86_64 0.2.7 17.00 169.00 186.00 OK

Check Details

Version: 0.2.7
Check: package dependencies
Result: NOTE
    Package suggested but not available for checking: ‘vcfR’
Flavor: r-release-macos-x86_64