Last updated on 2023-02-08 15:52:54 CET.
Flavor | Version | Tinstall | Tcheck | Ttotal | Status | Flags |
---|---|---|---|---|---|---|
r-devel-linux-x86_64-debian-clang | 9.5.0 | 33.35 | 302.96 | 336.31 | OK | |
r-devel-linux-x86_64-debian-gcc | 9.5.0 | 25.71 | 257.97 | 283.68 | OK | |
r-devel-linux-x86_64-fedora-clang | 9.5.0 | 393.01 | OK | |||
r-devel-linux-x86_64-fedora-gcc | 9.5.0 | 402.87 | OK | |||
r-devel-windows-x86_64 | 9.5.0 | 112.00 | 401.00 | 513.00 | OK | |
r-patched-linux-x86_64 | 9.5.0 | 29.25 | 282.69 | 311.94 | OK | |
r-release-linux-x86_64 | 9.5.0 | 30.77 | 285.45 | 316.22 | OK | |
r-release-macos-arm64 | 9.5.0 | 120.00 | NOTE | |||
r-release-macos-x86_64 | 9.5.0 | 177.00 | NOTE | |||
r-release-windows-x86_64 | 9.5.0 | 138.00 | 392.00 | 530.00 | OK | |
r-oldrel-macos-arm64 | 9.5.0 | 100.00 | NOTE | |||
r-oldrel-macos-x86_64 | 9.5.0 | 170.00 | NOTE | |||
r-oldrel-windows-ix86+x86_64 | 9.5.0 | 71.00 | 542.00 | 613.00 | NOTE |
Version: 9.5.0
Check: installed package size
Result: NOTE
installed size is 6.3Mb
sub-directories of 1Mb or more:
data 1.9Mb
libs 2.8Mb
Flavors: r-release-macos-arm64, r-release-macos-x86_64, r-oldrel-macos-arm64, r-oldrel-macos-x86_64, r-oldrel-windows-ix86+x86_64
Version: 9.5.0
Check: re-building of vignette outputs
Result: NOTE
Error(s) in re-building vignettes:
...
--- re-building ‘SimInf.Rnw’ using Sweave
--- finished re-building 'SimInf.Rnw'
--- re-building ‘scheduled-events.Rmd’ using rmarkdown
Error: processing vignette 'scheduled-events.Rmd' failed with diagnostics:
there is no package called 'vctrs'
--- failed re-building ‘scheduled-events.Rmd’
SUMMARY: processing the following file failed:
‘scheduled-events.Rmd’
Error: Vignette re-building failed.
Execution halted
Flavor: r-oldrel-macos-x86_64