CRAN Package Check Results for Package Sim.DiffProc

Last updated on 2021-09-19 03:51:31 CEST.

Flavor Version Tinstall Tcheck Ttotal Status Flags
r-devel-linux-x86_64-debian-clang 4.8 24.58 270.95 295.53 OK
r-devel-linux-x86_64-debian-gcc 4.8 21.37 201.81 223.18 OK
r-devel-linux-x86_64-fedora-clang 4.8 358.06 OK
r-devel-linux-x86_64-fedora-gcc 4.8 369.73 OK
r-devel-windows-x86_64 4.8 30.00 318.00 348.00 OK
r-devel-windows-x86_64-gcc10-UCRT 4.8 ERROR
r-patched-linux-x86_64 4.8 25.86 268.15 294.01 OK
r-patched-solaris-x86 4.8 373.60 OK
r-release-linux-x86_64 4.8 23.83 267.83 291.66 OK
r-release-macos-arm64 4.8 OK
r-release-macos-x86_64 4.8 OK
r-release-windows-ix86+x86_64 4.8 47.00 474.00 521.00 OK
r-oldrel-macos-x86_64 4.8 OK
r-oldrel-windows-ix86+x86_64 4.8 46.00 470.00 516.00 OK

Check Details

Version: 4.8
Check: whether package can be installed
Result: ERROR
    Installation failed.
Flavor: r-devel-windows-x86_64-gcc10-UCRT