CRAN Package Check Results for Package SigTree

Last updated on 2020-09-24 15:48:42 CEST.

Flavor Version Tinstall Tcheck Ttotal Status Flags
r-devel-linux-x86_64-debian-clang 1.10.6 30.61 264.68 295.29 NOTE
r-devel-linux-x86_64-debian-gcc 1.10.6 24.68 197.58 222.26 NOTE
r-devel-linux-x86_64-fedora-clang 1.10.6 358.85 NOTE
r-devel-linux-x86_64-fedora-gcc 1.10.6 348.65 NOTE
r-devel-windows-ix86+x86_64 1.10.6 73.00 388.00 461.00 OK
r-patched-linux-x86_64 1.10.6 27.31 245.55 272.86 NOTE
r-patched-solaris-x86 1.10.6 516.10 NOTE
r-release-linux-x86_64 1.10.6 27.35 242.61 269.96 NOTE
r-release-macos-x86_64 1.10.6 OK
r-release-windows-ix86+x86_64 1.10.6 72.00 390.00 462.00 OK
r-oldrel-macos-x86_64 1.10.6 OK
r-oldrel-windows-ix86+x86_64 1.10.6 27.00 6.00 33.00 ERROR

Check Details

Version: 1.10.6
Check: for non-standard things in the check directory
Result: NOTE
    Found the following files/directories:
     'ExportFigtree1.tre'
Flavors: r-devel-linux-x86_64-debian-clang, r-devel-linux-x86_64-debian-gcc, r-devel-linux-x86_64-fedora-clang, r-devel-linux-x86_64-fedora-gcc, r-patched-linux-x86_64, r-patched-solaris-x86, r-release-linux-x86_64

Version: 1.10.6
Check: whether package can be installed
Result: ERROR
    Installation failed.
Flavor: r-oldrel-windows-ix86+x86_64