CRAN Package Check Results for Package ShinyTester

Last updated on 2022-08-13 15:54:02 CEST.

Flavor Version Tinstall Tcheck Ttotal Status Flags
r-devel-linux-x86_64-debian-clang 0.1.0 6.26 53.57 59.83 NOTE
r-devel-linux-x86_64-debian-gcc 0.1.0 4.60 39.30 43.90 NOTE
r-devel-linux-x86_64-fedora-clang 0.1.0 79.32 NOTE
r-devel-linux-x86_64-fedora-gcc 0.1.0 76.90 NOTE
r-devel-windows-x86_64 0.1.0 11.00 72.00 83.00 NOTE
r-patched-linux-x86_64 0.1.0 4.28 49.39 53.67 NOTE
r-release-linux-x86_64 0.1.0 3.74 50.14 53.88 NOTE
r-release-macos-arm64 0.1.0 22.00 NOTE
r-release-macos-x86_64 0.1.0 44.00 NOTE
r-release-windows-x86_64 0.1.0 14.00 74.00 88.00 NOTE
r-oldrel-macos-arm64 0.1.0 27.00 NOTE
r-oldrel-macos-x86_64 0.1.0 41.00 NOTE
r-oldrel-windows-ix86+x86_64 0.1.0 14.00 71.00 85.00 NOTE

Check Details

Version: 0.1.0
Check: LazyData
Result: NOTE
     'LazyData' is specified without a 'data' directory
Flavors: r-devel-linux-x86_64-debian-clang, r-devel-linux-x86_64-debian-gcc, r-devel-linux-x86_64-fedora-clang, r-devel-linux-x86_64-fedora-gcc, r-devel-windows-x86_64, r-patched-linux-x86_64, r-release-linux-x86_64, r-release-macos-arm64, r-release-macos-x86_64, r-release-windows-x86_64, r-oldrel-macos-arm64, r-oldrel-macos-x86_64, r-oldrel-windows-ix86+x86_64