CRAN Package Check Results for Package SetMethods

Last updated on 2020-10-22 15:49:05 CEST.

Flavor Version Tinstall Tcheck Ttotal Status Flags
r-devel-linux-x86_64-debian-clang 2.6 15.17 129.86 145.03 OK
r-devel-linux-x86_64-debian-gcc 2.6 11.04 95.49 106.53 OK
r-devel-linux-x86_64-fedora-clang 2.6 176.72 OK
r-devel-linux-x86_64-fedora-gcc 2.6 181.86 OK
r-devel-windows-ix86+x86_64 2.6 30.00 156.00 186.00 OK
r-patched-linux-x86_64 2.6 14.88 118.16 133.04 OK
r-patched-solaris-x86 2.6 190.80 ERROR
r-release-linux-x86_64 2.6 14.36 118.85 133.21 OK
r-release-macos-x86_64 2.6 OK
r-release-windows-ix86+x86_64 2.6 22.00 161.00 183.00 OK
r-oldrel-macos-x86_64 2.6 OK
r-oldrel-windows-ix86+x86_64 2.6 26.00 155.00 181.00 OK

Check Details

Version: 2.6
Check: examples
Result: ERROR
    Running examples in ‘SetMethods-Ex.R’ failed
    The error most likely occurred in:
    
    > ### Name: LR.intersect
    > ### Title: Function for identifying contradictory simplifying assumptions
    > ### or easy counterfactuals.
    > ### Aliases: LR.intersect
    > ### Keywords: QCA
    >
    > ### ** Examples
    >
    > # Import your data. For example:
    >
    > data(SCHF)
    >
    > # Get the parsimonious solution:
    >
    > sol_yp <- minimize(SCHF, outcome = "EXPORT",
    + conditions = c("EMP","BARGAIN","UNI","OCCUP","STOCK", "MA"),
    + incl.cut = .9,
    + include = "?",
    + details = TRUE, show.cases = TRUE)
    
     *** caught segfault ***
    address 281557a0, cause 'memory not mapped'
    
    Traceback:
     1: minimize(SCHF, outcome = "EXPORT", conditions = c("EMP", "BARGAIN", "UNI", "OCCUP", "STOCK", "MA"), incl.cut = 0.9, include = "?", details = TRUE, show.cases = TRUE)
    An irrecoverable exception occurred. R is aborting now ...
Flavor: r-patched-solaris-x86