CRAN Package Check Results for Package SetMethods

Last updated on 2020-08-13 15:51:20 CEST.

Flavor Version Tinstall Tcheck Ttotal Status Flags
r-devel-linux-x86_64-debian-clang 2.6 15.40 122.87 138.27 OK
r-devel-linux-x86_64-debian-gcc 2.6 10.90 90.41 101.31 OK
r-devel-linux-x86_64-fedora-clang 2.6 170.30 OK
r-devel-linux-x86_64-fedora-gcc 2.6 157.41 OK
r-devel-windows-ix86+x86_64 2.6 40.00 131.00 171.00 OK
r-patched-linux-x86_64 2.6 15.59 118.56 134.15 OK
r-patched-solaris-x86 2.6 192.50 ERROR
r-release-linux-x86_64 2.6 14.52 119.22 133.74 OK
r-release-macos-x86_64 2.6 OK
r-release-windows-ix86+x86_64 2.6 41.00 193.00 234.00 OK
r-oldrel-macos-x86_64 2.6 OK
r-oldrel-windows-ix86+x86_64 2.6 22.00 128.00 150.00 OK

Additional issues

MKL

Check Details

Version: 2.6
Check: examples
Result: ERROR
    Running examples in ‘SetMethods-Ex.R’ failed
    The error most likely occurred in:
    
    > ### Name: LR.intersect
    > ### Title: Function for identifying contradictory simplifying assumptions
    > ### or easy counterfactuals.
    > ### Aliases: LR.intersect
    > ### Keywords: QCA
    >
    > ### ** Examples
    >
    > # Import your data. For example:
    >
    > data(SCHF)
    >
    > # Get the parsimonious solution:
    >
    > sol_yp <- minimize(SCHF, outcome = "EXPORT",
    + conditions = c("EMP","BARGAIN","UNI","OCCUP","STOCK", "MA"),
    + incl.cut = .9,
    + include = "?",
    + details = TRUE, show.cases = TRUE)
    
     *** caught segfault ***
    address 286e38f8, cause 'memory not mapped'
    
    Traceback:
     1: minimize(SCHF, outcome = "EXPORT", conditions = c("EMP", "BARGAIN", "UNI", "OCCUP", "STOCK", "MA"), incl.cut = 0.9, include = "?", details = TRUE, show.cases = TRUE)
    An irrecoverable exception occurred. R is aborting now ...
Flavor: r-patched-solaris-x86