CRAN Package Check Results for Package SeqNet

Last updated on 2020-09-20 03:47:37 CEST.

Flavor Version Tinstall Tcheck Ttotal Status Flags
r-devel-linux-x86_64-debian-clang 1.1.0 62.36 58.63 120.99 OK
r-devel-linux-x86_64-debian-gcc 1.1.0 40.50 44.92 85.42 OK
r-devel-linux-x86_64-fedora-clang 1.1.0 171.52 NOTE
r-devel-linux-x86_64-fedora-gcc 1.1.0 146.34 NOTE
r-devel-windows-ix86+x86_64 1.1.0 134.00 107.00 241.00 NOTE
r-patched-linux-x86_64 1.1.0 41.54 58.06 99.60 OK
r-patched-solaris-x86 1.1.0 154.40 NOTE
r-release-linux-x86_64 1.1.0 42.17 57.82 99.99 OK
r-release-macos-x86_64 1.1.0 NOTE
r-release-windows-ix86+x86_64 1.1.0 133.00 125.00 258.00 NOTE
r-oldrel-macos-x86_64 1.1.0 NOTE
r-oldrel-windows-ix86+x86_64 1.1.0 94.00 112.00 206.00 NOTE

Check Details

Version: 1.1.0
Check: installed package size
Result: NOTE
     installed size is 8.4Mb
     sub-directories of 1Mb or more:
     data 6.9Mb
     libs 1.1Mb
Flavors: r-devel-linux-x86_64-fedora-clang, r-devel-windows-ix86+x86_64, r-patched-solaris-x86, r-release-macos-x86_64, r-release-windows-ix86+x86_64, r-oldrel-macos-x86_64, r-oldrel-windows-ix86+x86_64

Version: 1.1.0
Check: dependencies in R code
Result: NOTE
    Namespace in Imports field not imported from: ‘RColorBrewer’
     All declared Imports should be used.
Flavors: r-devel-linux-x86_64-fedora-clang, r-devel-linux-x86_64-fedora-gcc, r-patched-solaris-x86, r-release-macos-x86_64, r-oldrel-macos-x86_64