CRAN Package Check Results for Package Semblance

Last updated on 2022-07-01 15:51:29 CEST.

Flavor Version Tinstall Tcheck Ttotal Status Flags
r-devel-linux-x86_64-debian-clang 1.1.0 15.58 123.74 139.32 NOTE
r-devel-linux-x86_64-debian-gcc 1.1.0 11.39 89.75 101.14 NOTE
r-devel-linux-x86_64-fedora-clang 1.1.0 175.14 NOTE
r-devel-linux-x86_64-fedora-gcc 1.1.0 170.40 NOTE
r-devel-windows-x86_64 1.1.0 23.00 138.00 161.00 NOTE
r-patched-linux-x86_64 1.1.0 14.15 114.30 128.45 NOTE
r-release-linux-x86_64 1.1.0 9.78 116.03 125.81 NOTE
r-release-macos-arm64 1.1.0 44.00 NOTE
r-release-macos-x86_64 1.1.0 78.00 NOTE
r-release-windows-x86_64 1.1.0 24.00 141.00 165.00 NOTE
r-oldrel-macos-arm64 1.1.0 52.00 NOTE
r-oldrel-macos-x86_64 1.1.0 78.00 NOTE
r-oldrel-windows-ix86+x86_64 1.1.0 34.00 137.00 171.00 NOTE

Check Details

Version: 1.1.0
Check: LazyData
Result: NOTE
     'LazyData' is specified without a 'data' directory
Flavors: r-devel-linux-x86_64-debian-clang, r-devel-linux-x86_64-debian-gcc, r-devel-linux-x86_64-fedora-clang, r-devel-linux-x86_64-fedora-gcc, r-devel-windows-x86_64, r-patched-linux-x86_64, r-release-linux-x86_64, r-release-macos-arm64, r-release-macos-x86_64, r-release-windows-x86_64, r-oldrel-macos-arm64, r-oldrel-macos-x86_64, r-oldrel-windows-ix86+x86_64