CRAN Package Check Results for Package Select

Last updated on 2022-08-10 15:51:35 CEST.

Flavor Version Tinstall Tcheck Ttotal Status Flags
r-devel-linux-x86_64-debian-clang 1.4 1.81 35.67 37.48 OK
r-devel-linux-x86_64-debian-gcc 1.4 1.97 27.65 29.62 OK
r-devel-linux-x86_64-fedora-clang 1.4 56.17 NOTE
r-devel-linux-x86_64-fedora-gcc 1.4 54.27 NOTE
r-devel-windows-x86_64 1.4 10.00 64.00 74.00 OK
r-patched-linux-x86_64 1.4 2.45 33.98 36.43 OK
r-release-linux-x86_64 1.4 OK
r-release-macos-arm64 1.4 21.00 NOTE
r-release-macos-x86_64 1.4 26.00 NOTE
r-release-windows-x86_64 1.4 11.00 65.00 76.00 OK
r-oldrel-macos-arm64 1.4 30.00 NOTE
r-oldrel-macos-x86_64 1.4 33.00 NOTE
r-oldrel-windows-ix86+x86_64 1.4 8.00 57.00 65.00 OK

Check Details

Version: 1.4
Check: dependencies in R code
Result: NOTE
    Namespace in Imports field not imported from: ‘FD’
     All declared Imports should be used.
Flavors: r-devel-linux-x86_64-fedora-clang, r-devel-linux-x86_64-fedora-gcc, r-release-macos-arm64, r-release-macos-x86_64, r-oldrel-macos-arm64, r-oldrel-macos-x86_64