CRAN Package Check Results for Package SeleMix

Last updated on 2020-09-18 15:53:00 CEST.

Flavor Version Tinstall Tcheck Ttotal Status Flags
r-devel-linux-x86_64-debian-clang 1.0.1 2.44 53.42 55.86 OK
r-devel-linux-x86_64-debian-gcc 1.0.1 2.11 42.72 44.83 OK
r-devel-linux-x86_64-fedora-clang 1.0.1 79.58 NOTE
r-devel-linux-x86_64-fedora-gcc 1.0.1 69.47 NOTE
r-devel-windows-ix86+x86_64 1.0.1 5.00 65.00 70.00 OK
r-patched-linux-x86_64 1.0.1 3.09 53.26 56.35 OK
r-patched-solaris-x86 1.0.1 99.00 OK
r-release-linux-x86_64 1.0.1 2.52 52.50 55.02 OK
r-release-macos-x86_64 1.0.1 OK
r-release-windows-ix86+x86_64 1.0.1 6.00 66.00 72.00 OK
r-oldrel-macos-x86_64 1.0.1 OK
r-oldrel-windows-ix86+x86_64 1.0.1 4.00 74.00 78.00 OK

Check Details

Version: 1.0.1
Check: R code for possible problems
Result: NOTE
    Possibly missing '()' after 'return' in the following function:
     ‘sel.plot’
Flavors: r-devel-linux-x86_64-fedora-clang, r-devel-linux-x86_64-fedora-gcc