CRAN Package Check Results for Package SegEnvIneq

Last updated on 2022-12-08 15:53:39 CET.

Flavor Version Tinstall Tcheck Ttotal Status Flags
r-devel-linux-x86_64-debian-clang 1.0 3.97 31.22 35.19 NOTE
r-devel-linux-x86_64-debian-gcc 1.0 3.73 26.95 30.68 NOTE
r-devel-linux-x86_64-fedora-clang 1.0 57.14 NOTE
r-devel-linux-x86_64-fedora-gcc 1.0 54.07 NOTE
r-devel-windows-x86_64 1.0 7.00 69.00 76.00 NOTE
r-patched-linux-x86_64 1.0 3.72 29.47 33.19 NOTE
r-release-linux-x86_64 1.0 3.97 30.92 34.89 NOTE
r-release-macos-arm64 1.0 27.00 NOTE
r-release-macos-x86_64 1.0 33.00 NOTE
r-release-windows-x86_64 1.0 13.00 60.00 73.00 NOTE
r-oldrel-macos-arm64 1.0 24.00 NOTE
r-oldrel-macos-x86_64 1.0 36.00 NOTE
r-oldrel-windows-ix86+x86_64 1.0 9.00 56.00 65.00 NOTE

Check Details

Version: 1.0
Check: LazyData
Result: NOTE
     'LazyData' is specified without a 'data' directory
Flavors: r-devel-linux-x86_64-debian-clang, r-devel-linux-x86_64-debian-gcc, r-devel-linux-x86_64-fedora-clang, r-devel-linux-x86_64-fedora-gcc, r-devel-windows-x86_64, r-patched-linux-x86_64, r-release-linux-x86_64, r-release-macos-arm64, r-release-macos-x86_64, r-release-windows-x86_64, r-oldrel-macos-arm64, r-oldrel-macos-x86_64, r-oldrel-windows-ix86+x86_64