CRAN Package Check Results for Package SegEnvIneq

Last updated on 2023-11-30 15:48:30 CET.

Flavor Version Tinstall Tcheck Ttotal Status Flags
r-devel-linux-x86_64-debian-clang 1.1 3.62 29.43 33.05 OK
r-devel-linux-x86_64-debian-gcc 1.1 3.12 22.27 25.39 OK
r-devel-linux-x86_64-fedora-clang 1.1 40.97 OK
r-devel-linux-x86_64-fedora-gcc 1.1 44.37 OK
r-devel-windows-x86_64 1.1 4.00 43.00 47.00 OK
r-patched-linux-x86_64 1.1 3.81 27.42 31.23 OK
r-release-linux-x86_64 1.1 4.29 28.34 32.63 OK
r-release-macos-arm64 1.1 20.00 OK
r-release-macos-x86_64 1.1 10.00 ERROR
r-release-windows-x86_64 1.1 5.00 46.00 51.00 OK
r-oldrel-macos-arm64 1.0 27.00 NOTE
r-oldrel-macos-x86_64 1.0 33.00 NOTE
r-oldrel-windows-x86_64 1.0 6.00 50.00 56.00 NOTE

Check Details

Version: 1.1
Check: package dependencies
Result: ERROR Package required and available but unsuitable version: ‘OasisR’ See section ‘The DESCRIPTION file’ in the ‘Writing R Extensions’ manual. Flavor: r-release-macos-x86_64

Version: 1.0
Check: LazyData
Result: NOTE 'LazyData' is specified without a 'data' directory Flavors: r-oldrel-macos-arm64, r-oldrel-macos-x86_64, r-oldrel-windows-x86_64