CRAN Package Check Results for Package Scalelink

Last updated on 2022-07-01 15:51:28 CEST.

Flavor Version Tinstall Tcheck Ttotal Status Flags
r-devel-linux-x86_64-debian-clang 1.0 20.86 32.91 53.77 NOTE
r-devel-linux-x86_64-debian-gcc 1.0 17.43 25.74 43.17 NOTE
r-devel-linux-x86_64-fedora-clang 1.0 85.20 NOTE
r-devel-linux-x86_64-fedora-gcc 1.0 77.99 NOTE
r-devel-windows-x86_64 1.0 38.00 78.00 116.00 NOTE
r-patched-linux-x86_64 1.0 18.60 32.31 50.91 NOTE
r-release-linux-x86_64 1.0 20.19 31.85 52.04 NOTE
r-release-macos-arm64 1.0 27.00 NOTE
r-release-macos-x86_64 1.0 34.00 NOTE
r-release-windows-x86_64 1.0 30.00 80.00 110.00 NOTE
r-oldrel-macos-arm64 1.0 30.00 NOTE
r-oldrel-macos-x86_64 1.0 46.00 NOTE
r-oldrel-windows-ix86+x86_64 1.0 57.00 82.00 139.00 NOTE

Check Details

Version: 1.0
Check: for GNU extensions in Makefiles
Result: NOTE
    GNU make is a SystemRequirements.
Flavors: r-devel-linux-x86_64-debian-clang, r-devel-linux-x86_64-debian-gcc, r-devel-linux-x86_64-fedora-clang, r-devel-linux-x86_64-fedora-gcc, r-devel-windows-x86_64, r-patched-linux-x86_64, r-release-linux-x86_64, r-release-macos-arm64, r-release-macos-x86_64, r-release-windows-x86_64, r-oldrel-macos-arm64, r-oldrel-macos-x86_64, r-oldrel-windows-ix86+x86_64