Last updated on 2022-06-27 15:53:56 CEST.
Flavor | Version | Tinstall | Tcheck | Ttotal | Status | Flags |
---|---|---|---|---|---|---|
r-devel-linux-x86_64-debian-clang | 2.2.3 | 23.10 | 200.49 | 223.59 | OK | |
r-devel-linux-x86_64-debian-gcc | 2.2.3 | 21.76 | 152.00 | 173.76 | OK | |
r-devel-linux-x86_64-fedora-clang | 2.2.3 | 278.57 | NOTE | |||
r-devel-linux-x86_64-fedora-gcc | 2.2.3 | 266.90 | OK | |||
r-devel-windows-x86_64 | 2.2.3 | 182.00 | 270.00 | 452.00 | OK | |
r-patched-linux-x86_64 | 2.2.3 | 29.85 | 188.41 | 218.26 | OK | |
r-release-linux-x86_64 | 2.2.3 | 22.55 | 191.02 | 213.57 | OK | |
r-release-macos-arm64 | 2.2.3 | 83.00 | OK | |||
r-release-macos-x86_64 | 2.2.3 | 108.00 | OK | |||
r-release-windows-x86_64 | 2.2.3 | 177.00 | 259.00 | 436.00 | OK | |
r-oldrel-macos-arm64 | 2.2.3 | 75.00 | OK | |||
r-oldrel-macos-x86_64 | 2.2.3 | 106.00 | OK | |||
r-oldrel-windows-ix86+x86_64 | 2.2.3 | 68.00 | 281.00 | 349.00 | OK |
Version: 2.2.3
Check: Rd cross-references
Result: NOTE
Undeclared package ‘sp’ in Rd xrefs
Flavor: r-devel-linux-x86_64-fedora-clang