Last updated on 2022-06-26 03:50:14 CEST.
Flavor | Version | Tinstall | Tcheck | Ttotal | Status | Flags |
---|---|---|---|---|---|---|
r-devel-linux-x86_64-debian-clang | 1.2.1 | 25.15 | 169.50 | 194.65 | NOTE | |
r-devel-linux-x86_64-debian-gcc | 1.2.1 | 19.56 | 122.58 | 142.14 | NOTE | |
r-devel-linux-x86_64-fedora-clang | 1.2.1 | 239.45 | NOTE | |||
r-devel-linux-x86_64-fedora-gcc | 1.2.1 | 237.14 | OK | |||
r-devel-windows-x86_64 | 1.2.1 | 43.00 | 188.00 | 231.00 | NOTE | |
r-patched-linux-x86_64 | 1.2.1 | 22.48 | 157.84 | 180.32 | NOTE | |
r-release-linux-x86_64 | 1.2.1 | 18.95 | 158.12 | 177.07 | NOTE | |
r-release-macos-arm64 | 1.2.1 | 58.00 | NOTE | |||
r-release-macos-x86_64 | 1.2.1 | 105.00 | NOTE | |||
r-release-windows-x86_64 | 1.2.1 | 46.00 | 186.00 | 232.00 | NOTE | |
r-oldrel-macos-arm64 | 1.2.1 | 53.00 | NOTE | |||
r-oldrel-macos-x86_64 | 1.2.1 | 83.00 | NOTE | |||
r-oldrel-windows-ix86+x86_64 | 1.2.1 | 48.00 | 181.00 | 229.00 | OK |
Version: 1.2.1
Check: package dependencies
Result: NOTE
Package suggested but not available for checking: 'INLA'
Flavors: r-devel-linux-x86_64-debian-clang, r-devel-linux-x86_64-debian-gcc, r-devel-windows-x86_64, r-patched-linux-x86_64, r-release-linux-x86_64, r-release-macos-arm64, r-release-macos-x86_64, r-release-windows-x86_64, r-oldrel-macos-arm64, r-oldrel-macos-x86_64
Version: 1.2.1
Check: installed package size
Result: NOTE
installed size is 5.0Mb
sub-directories of 1Mb or more:
data 2.0Mb
doc 2.4Mb
Flavors: r-devel-linux-x86_64-fedora-clang, r-release-macos-arm64, r-oldrel-macos-arm64