CRAN Package Check Results for Package SSOSVM

Last updated on 2022-01-27 15:53:49 CET.

Flavor Version Tinstall Tcheck Ttotal Status Flags
r-devel-linux-x86_64-debian-clang 0.2.1 35.36 37.43 72.79 OK
r-devel-linux-x86_64-debian-gcc 0.2.1 25.29 29.02 54.31 OK
r-devel-linux-x86_64-fedora-clang 0.2.1 99.03 NOTE
r-devel-linux-x86_64-fedora-gcc 0.2.1 82.66 NOTE
r-devel-windows-x86_64-new-UL 0.2.1 35.00 78.00 113.00 OK
r-devel-windows-x86_64-new-TK 0.2.1 NOTE
r-patched-linux-x86_64 0.2.1 34.07 34.54 68.61 OK
r-release-linux-x86_64 0.2.1 29.21 34.72 63.93 OK
r-release-macos-arm64 0.2.1 NOTE
r-release-macos-x86_64 0.2.1 NOTE
r-release-windows-ix86+x86_64 0.2.1 84.00 72.00 156.00 OK
r-oldrel-macos-x86_64 0.2.1 NOTE
r-oldrel-windows-ix86+x86_64 0.2.1 82.00 76.00 158.00 OK

Check Details

Version: 0.2.1
Check: dependencies in R code
Result: NOTE
    Namespace in Imports field not imported from: ‘MASS’
     All declared Imports should be used.
Flavors: r-devel-linux-x86_64-fedora-clang, r-devel-linux-x86_64-fedora-gcc, r-devel-windows-x86_64-new-TK, r-release-macos-arm64, r-release-macos-x86_64, r-oldrel-macos-x86_64