CRAN Package Check Results for Package SSHAARP

Last updated on 2021-01-26 15:49:58 CET.

Flavor Version Tinstall Tcheck Ttotal Status Flags
r-devel-linux-x86_64-debian-clang 1.0.1 23.33 123.30 146.63 OK
r-devel-linux-x86_64-debian-gcc 1.0.1 21.54 94.54 116.08 OK
r-devel-linux-x86_64-fedora-clang 1.0.1 188.34 NOTE
r-devel-linux-x86_64-fedora-gcc 1.0.1 177.59 NOTE
r-devel-windows-ix86+x86_64 1.0.1 56.00 155.00 211.00 OK
r-patched-linux-x86_64 1.0.1 17.42 112.46 129.88 OK
r-patched-solaris-x86 1.0.1 279.80 NOTE
r-release-linux-x86_64 1.0.1 16.50 112.05 128.55 OK
r-release-macos-x86_64 1.0.1 NOTE
r-release-windows-ix86+x86_64 1.0.1 57.00 113.00 170.00 OK
r-oldrel-macos-x86_64 1.0.1 NOTE
r-oldrel-windows-ix86+x86_64 1.0.1 46.00 150.00 196.00 OK

Check Details

Version: 1.0.1
Check: dependencies in R code
Result: NOTE
    Namespace in Imports field not imported from: ‘sessioninfo’
     All declared Imports should be used.
Flavors: r-devel-linux-x86_64-fedora-clang, r-devel-linux-x86_64-fedora-gcc, r-patched-solaris-x86, r-release-macos-x86_64, r-oldrel-macos-x86_64