Last updated on 2023-01-29 16:55:11 CET.
Flavor | Version | Tinstall | Tcheck | Ttotal | Status | Flags |
---|---|---|---|---|---|---|
r-devel-linux-x86_64-debian-clang | 1.1 | 4.39 | 39.06 | 43.45 | OK | |
r-devel-linux-x86_64-debian-gcc | 1.1 | 3.93 | 29.89 | 33.82 | OK | |
r-devel-linux-x86_64-fedora-clang | 1.1 | 56.67 | NOTE | |||
r-devel-linux-x86_64-fedora-gcc | 1.1 | 65.62 | OK | |||
r-devel-windows-x86_64 | 1.1 | 12.00 | 74.00 | 86.00 | OK | |
r-patched-linux-x86_64 | 1.1 | 4.48 | 38.23 | 42.71 | OK | |
r-release-linux-x86_64 | 1.1 | 3.72 | 38.40 | 42.12 | OK | |
r-release-macos-arm64 | 1.1 | 20.00 | OK | |||
r-release-macos-x86_64 | 1.1 | 32.00 | OK | |||
r-release-windows-x86_64 | 1.1 | 13.00 | 70.00 | 83.00 | OK | |
r-oldrel-macos-arm64 | 1.1 | 24.00 | OK | |||
r-oldrel-macos-x86_64 | 1.1 | 36.00 | OK | |||
r-oldrel-windows-ix86+x86_64 | 1.1 | 10.00 | 69.00 | 79.00 | OK |
Version: 1.1
Check: Rd cross-references
Result: NOTE
Undeclared packages ‘RColorBrewer’, ‘colorspace’ in Rd xrefs
Flavor: r-devel-linux-x86_64-fedora-clang