Last updated on 2022-07-02 15:52:30 CEST.
Flavor | Version | Tinstall | Tcheck | Ttotal | Status | Flags |
---|---|---|---|---|---|---|
r-devel-linux-x86_64-debian-clang | 1.0.0 | 4.36 | 39.87 | 44.23 | NOTE | |
r-devel-linux-x86_64-debian-gcc | 1.0.0 | 3.23 | 31.09 | 34.32 | NOTE | |
r-devel-linux-x86_64-fedora-clang | 1.0.0 | 63.82 | NOTE | |||
r-devel-linux-x86_64-fedora-gcc | 1.0.0 | 62.38 | NOTE | |||
r-devel-windows-x86_64 | 1.0.0 | 6.00 | 67.00 | 73.00 | OK | |
r-patched-linux-x86_64 | 1.0.0 | 3.42 | 37.97 | 41.39 | NOTE | |
r-release-linux-x86_64 | 1.0.0 | 2.60 | 39.53 | 42.13 | NOTE | |
r-release-macos-arm64 | 1.0.0 | 22.00 | OK | |||
r-release-macos-x86_64 | 1.0.0 | 29.00 | OK | |||
r-release-windows-x86_64 | 1.0.0 | 15.00 | 72.00 | 87.00 | OK | |
r-oldrel-macos-arm64 | 1.0.0 | 26.00 | OK | |||
r-oldrel-macos-x86_64 | 1.0.0 | 38.00 | OK | |||
r-oldrel-windows-ix86+x86_64 | 1.0.0 | 9.00 | 62.00 | 71.00 | OK |
Version: 1.0.0
Check: for non-standard things in the check directory
Result: NOTE
Found the following files/directories:
'AlphaGA_3.txt' 'AlphaML_3.txt' 'BetaGA_3.txt' 'BetaML_3.txt'
'Performance_GA_ML_ 3 .pdf' 'SPIGA_3Pmon.Pm_St1.pdf'
'SPIGA_3Pmon.Pm_St2.pdf' 'SPI_AG_3.txt' 'SPI_ML_3.txt'
'SPI_ML_3Pm_St1.pdf' 'SPI_ML_3Pm_St2.pdf' 'SPI_ML_3Pm_St3.pdf'
'SPI_ML_3Pm_St4.pdf' 'SPI_PARAM_3.txt' 'SPI_PARAM_3Pm_St1.pdf'
'SPI_PARAM_3Pm_St2.pdf' 'SPI_PARAM_3Pm_St3.pdf'
'SPI_PARAM_3Pm_St4.pdf'
Flavors: r-devel-linux-x86_64-debian-clang, r-devel-linux-x86_64-debian-gcc, r-devel-linux-x86_64-fedora-clang, r-devel-linux-x86_64-fedora-gcc, r-patched-linux-x86_64, r-release-linux-x86_64