CRAN Package Check Results for Package SPAS

Last updated on 2020-11-27 03:50:22 CET.

Flavor Version Tinstall Tcheck Ttotal Status Flags
r-devel-linux-x86_64-debian-clang 2020.1.1 106.10 98.30 204.40 OK
r-devel-linux-x86_64-debian-gcc 2020.1.1 123.44 76.85 200.29 OK
r-devel-linux-x86_64-fedora-clang 2020.1.1 241.19 NOTE
r-devel-linux-x86_64-fedora-gcc 2020.1.1 228.33 OK
r-devel-windows-ix86+x86_64 2020.1.1 143.00 150.00 293.00 NOTE
r-patched-linux-x86_64 2020.1.1 138.96 90.28 229.24 OK
r-patched-solaris-x86 2020.1.1 230.60 OK
r-release-linux-x86_64 2020.1.1 134.45 92.37 226.82 OK
r-release-macos-x86_64 2020.1.1 NOTE
r-release-windows-ix86+x86_64 2020.1.1 147.00 127.00 274.00 NOTE
r-oldrel-macos-x86_64 2020.1.1 NOTE
r-oldrel-windows-ix86+x86_64 2020.1.1 139.00 133.00 272.00 NOTE

Check Details

Version: 2020.1.1
Check: installed package size
Result: NOTE
     installed size is 18.3Mb
     sub-directories of 1Mb or more:
     libs 17.5Mb
Flavors: r-devel-linux-x86_64-fedora-clang, r-devel-windows-ix86+x86_64, r-release-macos-x86_64, r-release-windows-ix86+x86_64, r-oldrel-macos-x86_64, r-oldrel-windows-ix86+x86_64