Last updated on 2022-08-12 03:53:39 CEST.
Flavor | Version | Tinstall | Tcheck | Ttotal | Status | Flags |
---|---|---|---|---|---|---|
r-devel-linux-x86_64-debian-clang | 1.2.0 | 26.08 | 613.42 | 639.50 | OK | |
r-devel-linux-x86_64-debian-gcc | 1.2.0 | 21.20 | 496.92 | 518.12 | OK | |
r-devel-linux-x86_64-fedora-clang | 1.2.0 | 781.37 | NOTE | |||
r-devel-linux-x86_64-fedora-gcc | 1.2.0 | 854.77 | NOTE | |||
r-devel-windows-x86_64 | 1.2.0 | 43.00 | 752.00 | 795.00 | OK | |
r-patched-linux-x86_64 | 1.2.0 | 28.47 | 676.87 | 705.34 | OK | |
r-release-linux-x86_64 | 1.2.0 | 19.69 | 659.86 | 679.55 | OK | |
r-release-macos-arm64 | 1.2.0 | 292.00 | NOTE | |||
r-release-macos-x86_64 | 1.2.0 | 337.00 | NOTE | |||
r-release-windows-x86_64 | 1.2.0 | 44.00 | 751.00 | 795.00 | OK | |
r-oldrel-macos-arm64 | 1.2.0 | 295.00 | NOTE | |||
r-oldrel-macos-x86_64 | 1.2.0 | 342.00 | NOTE | |||
r-oldrel-windows-ix86+x86_64 | 1.2.0 | 71.00 | 906.00 | 977.00 | OK |
Version: 1.2.0
Check: dependencies in R code
Result: NOTE
Namespaces in Imports field not imported from:
‘future’ ‘geosphere’ ‘lubridate’ ‘tidyverse’ ‘viridis’
All declared Imports should be used.
Flavors: r-devel-linux-x86_64-fedora-clang, r-devel-linux-x86_64-fedora-gcc, r-release-macos-arm64, r-release-macos-x86_64, r-oldrel-macos-arm64, r-oldrel-macos-x86_64