CRAN Package Check Results for Package SPARSEMODr

Last updated on 2025-01-18 04:48:38 CET.

Flavor Version Tinstall Tcheck Ttotal Status Flags
r-devel-linux-x86_64-debian-clang 1.2.0 18.17 437.55 455.72 NOTE
r-devel-linux-x86_64-debian-gcc 1.2.0 12.68 377.97 390.65 NOTE
r-devel-linux-x86_64-fedora-clang 1.2.0 799.22 NOTE
r-devel-linux-x86_64-fedora-gcc 1.2.0 913.24 NOTE
r-devel-windows-x86_64 1.2.0 23.00 638.00 661.00 NOTE
r-patched-linux-x86_64 1.2.0 27.06 477.44 504.50 OK
r-release-linux-x86_64 1.2.0 17.43 476.95 494.38 OK
r-release-macos-arm64 1.2.0 284.00 OK
r-release-macos-x86_64 1.2.0 426.00 OK
r-release-windows-x86_64 1.2.0 23.00 633.00 656.00 OK
r-oldrel-macos-arm64 1.2.0 350.00 OK
r-oldrel-macos-x86_64 1.2.0 502.00 OK
r-oldrel-windows-x86_64 1.2.0 28.00 713.00 741.00 OK

Check Details

Version: 1.2.0
Check: Rd cross-references
Result: NOTE Found the following Rd file(s) with Rd \link{} targets missing package anchors: model_parallel.Rd: future_lapply Please provide package anchors for all Rd \link{} targets not in the package itself and the base packages. Flavors: r-devel-linux-x86_64-debian-clang, r-devel-linux-x86_64-debian-gcc, r-devel-windows-x86_64

Version: 1.2.0
Check: dependencies in R code
Result: NOTE Namespaces in Imports field not imported from: ‘future’ ‘geosphere’ ‘lubridate’ ‘tidyverse’ ‘viridis’ All declared Imports should be used. Flavors: r-devel-linux-x86_64-fedora-clang, r-devel-linux-x86_64-fedora-gcc