Last updated on 2022-06-26 15:53:11 CEST.
Flavor | Version | Tinstall | Tcheck | Ttotal | Status | Flags |
---|---|---|---|---|---|---|
r-devel-linux-x86_64-debian-clang | 2.0-11 | 70.31 | 750.31 | 820.62 | OK | |
r-devel-linux-x86_64-debian-gcc | 2.0-11 | 60.96 | 560.87 | 621.83 | OK | |
r-devel-linux-x86_64-fedora-clang | 2.0-11 | 1072.38 | NOTE | |||
r-devel-linux-x86_64-fedora-gcc | 2.0-11 | 1062.52 | NOTE | |||
r-devel-windows-x86_64 | 2.0-11 | 98.00 | 762.00 | 860.00 | NOTE | |
r-patched-linux-x86_64 | 2.0-11 | 67.07 | 709.68 | 776.75 | OK | |
r-release-linux-x86_64 | 2.0-11 | 55.70 | 707.37 | 763.07 | OK | |
r-release-macos-arm64 | 2.0-11 | 297.00 | NOTE | |||
r-release-macos-x86_64 | 2.0-11 | 452.00 | NOTE | |||
r-release-windows-x86_64 | 2.0-11 | 92.00 | 764.00 | 856.00 | NOTE | |
r-oldrel-macos-arm64 | 2.0-11 | 168.00 | NOTE | |||
r-oldrel-macos-x86_64 | 2.0-11 | 347.00 | NOTE | |||
r-oldrel-windows-ix86+x86_64 | 2.0-11 | 141.00 | 740.00 | 881.00 | NOTE |
Version: 2.0-11
Check: package dependencies
Result: NOTE
Packages suggested but not available for checking:
'SNPlocs.Hsapiens.dbSNP144.GRCh38', 'MafDb.1Kgenomes.phase3.GRCh38'
Flavors: r-devel-linux-x86_64-fedora-clang, r-oldrel-macos-arm64, r-oldrel-macos-x86_64
Version: 2.0-11
Check: dependencies in R code
Result: NOTE
Namespace in Imports field not imported from: ‘BiocStyle’
All declared Imports should be used.
Flavors: r-devel-linux-x86_64-fedora-clang, r-devel-linux-x86_64-fedora-gcc, r-release-macos-arm64, r-release-macos-x86_64, r-oldrel-macos-arm64, r-oldrel-macos-x86_64
Version: 2.0-11
Check: package dependencies
Result: NOTE
Packages suggested but not available for checking:
'SNPlocs.Hsapiens.dbSNP144.GRCh38', 'MafDb.1Kgenomes.phase3.GRCh38',
'BSgenome.Hsapiens.NCBI.GRCh38'
Flavors: r-devel-linux-x86_64-fedora-gcc, r-release-macos-x86_64
Version: 2.0-11
Check: package dependencies
Result: NOTE
Package suggested but not available for checking: 'MafDb.1Kgenomes.phase3.GRCh38'
Flavors: r-devel-windows-x86_64, r-release-windows-x86_64, r-oldrel-windows-ix86+x86_64
Version: 2.0-11
Check: package dependencies
Result: NOTE
Packages suggested but not available for checking:
'SNPlocs.Hsapiens.dbSNP144.GRCh38', 'MafDb.1Kgenomes.phase3.GRCh38',
'BSgenome.Hsapiens.NCBI.GRCh38', 'GenomicScores'
Flavor: r-release-macos-arm64