CRAN Package Check Results for Package SMMA

Last updated on 2021-09-19 03:51:32 CEST.

Flavor Version Tinstall Tcheck Ttotal Status Flags
r-devel-linux-x86_64-debian-clang 1.0.3 40.99 30.02 71.01 OK
r-devel-linux-x86_64-debian-gcc 1.0.3 27.82 23.92 51.74 OK
r-devel-linux-x86_64-fedora-clang 1.0.3 110.61 OK
r-devel-linux-x86_64-fedora-gcc 1.0.3 88.25 OK
r-devel-windows-x86_64 1.0.3 36.00 56.00 92.00 OK
r-devel-windows-x86_64-gcc10-UCRT 1.0.3 ERROR
r-patched-linux-x86_64 1.0.3 35.50 29.28 64.78 OK
r-patched-solaris-x86 1.0.3 109.70 OK
r-release-linux-x86_64 1.0.3 31.07 29.03 60.10 OK
r-release-macos-arm64 1.0.3 OK
r-release-macos-x86_64 1.0.3 OK
r-release-windows-ix86+x86_64 1.0.3 90.00 88.00 178.00 OK
r-oldrel-macos-x86_64 1.0.3 OK
r-oldrel-windows-ix86+x86_64 1.0.3 89.00 67.00 156.00 OK

Check Details

Version: 1.0.3
Check: whether package can be installed
Result: ERROR
    Installation failed.
Flavor: r-devel-windows-x86_64-gcc10-UCRT