CRAN Package Check Results for Package SMLE

Last updated on 2020-09-18 15:53:01 CEST.

Flavor Version Tinstall Tcheck Ttotal Status Flags
r-devel-linux-x86_64-debian-clang 0.4.1 8.31 100.94 109.25 OK
r-devel-linux-x86_64-debian-gcc 0.4.1 7.56 74.96 82.52 OK
r-devel-linux-x86_64-fedora-clang 0.4.1 139.44 OK
r-devel-linux-x86_64-fedora-gcc 0.4.1 130.62 OK
r-devel-windows-ix86+x86_64 0.4.1 20.00 128.00 148.00 OK
r-patched-linux-x86_64 0.4.1 9.68 93.73 103.41 OK
r-patched-solaris-x86 0.4.1 208.50 OK
r-release-linux-x86_64 0.4.1 9.44 95.58 105.02 OK
r-release-macos-x86_64 0.4.1 OK
r-release-windows-ix86+x86_64 0.4.1 20.00 128.00 148.00 OK
r-oldrel-macos-x86_64 0.4.1 ERROR
r-oldrel-windows-ix86+x86_64 0.3.1 18.00 97.00 115.00 OK

Check Details

Version: 0.4.1
Check: whether package can be installed
Result: ERROR
    Installation failed.
Flavor: r-oldrel-macos-x86_64