CRAN Package Check Results for Package SMITIDvisu

Last updated on 2020-09-27 03:46:44 CEST.

Flavor Version Tinstall Tcheck Ttotal Status Flags
r-devel-linux-x86_64-debian-clang 0.0.6 20.90 34.75 55.65 OK
r-devel-linux-x86_64-debian-gcc 0.0.6 15.04 27.31 42.35 OK
r-devel-linux-x86_64-fedora-clang 0.0.6 80.32 OK
r-devel-linux-x86_64-fedora-gcc 0.0.6 66.39 OK
r-devel-windows-ix86+x86_64 0.0.6 49.00 86.00 135.00 OK
r-patched-linux-x86_64 0.0.6 14.78 33.77 48.55 OK
r-patched-solaris-x86 0.0.6 81.50 OK
r-release-linux-x86_64 0.0.6 14.84 33.50 48.34 OK
r-release-macos-x86_64 0.0.6 OK
r-release-windows-ix86+x86_64 0.0.6 41.00 89.00 130.00 OK
r-oldrel-macos-x86_64 0.0.6 NOTE
r-oldrel-windows-ix86+x86_64 0.0.6 43.00 111.00 154.00 OK

Check Details

Version: 0.0.6
Check: package dependencies
Result: NOTE
    Package suggested but not available for checking: ‘SMITIDstruct’
Flavor: r-oldrel-macos-x86_64