Last updated on 2022-06-27 15:53:55 CEST.
Flavor | Version | Tinstall | Tcheck | Ttotal | Status | Flags |
---|---|---|---|---|---|---|
r-devel-linux-x86_64-debian-clang | 0.1.3 | 55.35 | 493.93 | 549.28 | OK | |
r-devel-linux-x86_64-debian-gcc | 0.1.3 | 44.20 | 375.88 | 420.08 | OK | |
r-devel-linux-x86_64-fedora-clang | 0.1.3 | 681.26 | NOTE | |||
r-devel-linux-x86_64-fedora-gcc | 0.1.3 | 669.87 | NOTE | |||
r-devel-windows-x86_64 | 0.1.3 | 52.00 | 516.00 | 568.00 | OK | |
r-patched-linux-x86_64 | 0.1.3 | 43.86 | 476.34 | 520.20 | OK | |
r-release-linux-x86_64 | 0.1.3 | 48.09 | 471.74 | 519.83 | OK | |
r-release-macos-arm64 | 0.1.3 | 173.00 | NOTE | |||
r-release-macos-x86_64 | 0.1.3 | 302.00 | NOTE | |||
r-release-windows-x86_64 | 0.1.3 | 52.00 | 506.00 | 558.00 | OK | |
r-oldrel-macos-arm64 | 0.1.3 | 254.00 | NOTE | |||
r-oldrel-macos-x86_64 | 0.1.3 | 218.00 | NOTE | |||
r-oldrel-windows-ix86+x86_64 | 0.1.3 | 109.00 | 494.00 | 603.00 | OK |
Version: 0.1.3
Check: dependencies in R code
Result: NOTE
Namespace in Imports field not imported from: ‘quadprog’
All declared Imports should be used.
Flavors: r-devel-linux-x86_64-fedora-clang, r-devel-linux-x86_64-fedora-gcc, r-release-macos-arm64, r-release-macos-x86_64, r-oldrel-macos-arm64, r-oldrel-macos-x86_64