CRAN Package Check Results for Package SLOPE

Last updated on 2020-09-29 03:48:33 CEST.

Flavor Version Tinstall Tcheck Ttotal Status Flags
r-devel-linux-x86_64-debian-clang 0.3.2 94.63 128.74 223.37 OK
r-devel-linux-x86_64-debian-gcc 0.3.2 71.93 95.46 167.39 OK
r-devel-linux-x86_64-fedora-clang 0.3.2 295.80 NOTE
r-devel-linux-x86_64-fedora-gcc 0.3.2 275.57 OK
r-devel-windows-ix86+x86_64 0.3.2 184.00 267.00 451.00 OK
r-patched-linux-x86_64 0.3.2 81.73 120.80 202.53 OK
r-patched-solaris-x86 0.3.2 327.70 OK
r-release-linux-x86_64 0.3.2 73.07 123.03 196.10 OK
r-release-macos-x86_64 0.3.2 NOTE
r-release-windows-ix86+x86_64 0.3.2 166.00 270.00 436.00 OK
r-oldrel-macos-x86_64 0.3.2 NOTE
r-oldrel-windows-ix86+x86_64 0.3.2 166.00 258.00 424.00 OK

Check Details

Version: 0.3.2
Check: installed package size
Result: NOTE
     installed size is 9.0Mb
     sub-directories of 1Mb or more:
     libs 8.6Mb
Flavors: r-devel-linux-x86_64-fedora-clang, r-release-macos-x86_64, r-oldrel-macos-x86_64