CRAN Package Check Results for Package SLBDD

Last updated on 2024-07-18 03:56:47 CEST.

Flavor Version Tinstall Tcheck Ttotal Status Flags
r-devel-linux-x86_64-debian-clang 0.0.4 51.77 277.05 328.82 NOTE
r-devel-linux-x86_64-debian-gcc 0.0.4 42.66 197.51 240.17 NOTE
r-devel-linux-x86_64-fedora-clang 0.0.4 412.58 NOTE
r-devel-linux-x86_64-fedora-gcc 0.0.4 426.16 NOTE
r-devel-windows-x86_64 0.0.4 44.00 202.00 246.00 NOTE
r-patched-linux-x86_64 0.0.4 47.67 262.86 310.53 NOTE
r-release-linux-x86_64 0.0.4 39.03 265.02 304.05 NOTE
r-release-macos-arm64 0.0.4 138.00 NOTE
r-release-macos-x86_64 0.0.4 185.00 NOTE
r-release-windows-x86_64 0.0.4 48.00 193.00 241.00 NOTE
r-oldrel-macos-arm64 0.0.4 120.00 NOTE
r-oldrel-macos-x86_64 0.0.4 196.00 NOTE
r-oldrel-windows-x86_64 0.0.4 57.00 230.00 287.00 NOTE

Check Details

Version: 0.0.4
Check: Rd files
Result: NOTE checkRd: (-1) outliers.hdts.Rd:44: Lost braces; missing escapes or markup? 44 | \item I.cov.rob - The matrix (V'GnV)^{-1} used to compute the statistics to detect the idiosyncratic outliers. | ^ Flavors: r-devel-linux-x86_64-debian-clang, r-devel-linux-x86_64-debian-gcc, r-devel-linux-x86_64-fedora-clang, r-devel-linux-x86_64-fedora-gcc, r-devel-windows-x86_64, r-patched-linux-x86_64, r-release-linux-x86_64, r-release-macos-arm64, r-release-macos-x86_64, r-release-windows-x86_64

Version: 0.0.4
Check: installed package size
Result: NOTE installed size is 5.5Mb sub-directories of 1Mb or more: data 5.1Mb Flavors: r-devel-linux-x86_64-fedora-clang, r-devel-windows-x86_64, r-release-macos-arm64, r-release-macos-x86_64, r-release-windows-x86_64, r-oldrel-macos-arm64, r-oldrel-macos-x86_64, r-oldrel-windows-x86_64

Version: 0.0.4
Check: data for non-ASCII characters
Result: NOTE Note: found 23 marked UTF-8 strings Flavors: r-devel-linux-x86_64-fedora-clang, r-devel-linux-x86_64-fedora-gcc