CRAN Package Check Results for Package SIfEK

Last updated on 2020-11-25 15:52:08 CET.

Flavor Version Tinstall Tcheck Ttotal Status Flags
r-devel-linux-x86_64-debian-clang 0.1.0 6.79 52.39 59.18 NOTE
r-devel-linux-x86_64-debian-gcc 0.1.0 5.10 40.61 45.71 NOTE
r-devel-linux-x86_64-fedora-clang 0.1.0 75.31 NOTE
r-devel-linux-x86_64-fedora-gcc 0.1.0 68.32 NOTE
r-devel-windows-ix86+x86_64 0.1.0 9.00 61.00 70.00 OK
r-patched-linux-x86_64 0.1.0 6.28 50.53 56.81 NOTE
r-patched-solaris-x86 0.1.0 88.30 NOTE
r-release-linux-x86_64 0.1.0 5.40 49.80 55.20 NOTE
r-release-macos-x86_64 0.1.0 OK
r-release-windows-ix86+x86_64 0.1.0 9.00 50.00 59.00 OK
r-oldrel-macos-x86_64 0.1.0 OK
r-oldrel-windows-ix86+x86_64 0.1.0 7.00 65.00 72.00 OK

Check Details

Version: 0.1.0
Check: for non-standard things in the check directory
Result: NOTE
    Found the following files/directories:
     'MM.csv' 'Simul.csv' 'catalytic.csv'
Flavors: r-devel-linux-x86_64-debian-clang, r-devel-linux-x86_64-debian-gcc, r-devel-linux-x86_64-fedora-clang, r-devel-linux-x86_64-fedora-gcc, r-patched-linux-x86_64, r-patched-solaris-x86, r-release-linux-x86_64