Last updated on 2022-07-04 15:54:53 CEST.
Flavor | Version | Tinstall | Tcheck | Ttotal | Status | Flags |
---|---|---|---|---|---|---|
r-devel-linux-x86_64-debian-clang | 0.1.0 | 50.32 | 396.44 | 446.76 | NOTE | |
r-devel-linux-x86_64-debian-gcc | 0.1.0 | 37.69 | 298.35 | 336.04 | NOTE | |
r-devel-linux-x86_64-fedora-clang | 0.1.0 | 562.56 | NOTE | |||
r-devel-linux-x86_64-fedora-gcc | 0.1.0 | 555.55 | NOTE | |||
r-devel-windows-x86_64 | 0.1.0 | 58.00 | 385.00 | 443.00 | NOTE | |
r-patched-linux-x86_64 | 0.1.0 | 32.49 | 376.63 | 409.12 | NOTE | |
r-release-linux-x86_64 | 0.1.0 | 32.21 | 380.60 | 412.81 | NOTE | |
r-release-macos-arm64 | 0.1.0 | 129.00 | NOTE | |||
r-release-macos-x86_64 | 0.1.0 | 185.00 | NOTE | |||
r-release-windows-x86_64 | 0.1.0 | 47.00 | 372.00 | 419.00 | NOTE | |
r-oldrel-macos-arm64 | 0.1.0 | 178.00 | NOTE | |||
r-oldrel-macos-x86_64 | 0.1.0 | 269.00 | NOTE | |||
r-oldrel-windows-ix86+x86_64 | 0.1.0 | 97.00 | 8.00 | 105.00 | ERROR |
Version: 0.1.0
Check: LazyData
Result: NOTE
'LazyData' is specified without a 'data' directory
Flavors: r-devel-linux-x86_64-debian-clang, r-devel-linux-x86_64-debian-gcc, r-devel-linux-x86_64-fedora-clang, r-devel-linux-x86_64-fedora-gcc, r-devel-windows-x86_64, r-patched-linux-x86_64, r-release-linux-x86_64, r-release-macos-arm64, r-release-macos-x86_64, r-release-windows-x86_64, r-oldrel-macos-arm64, r-oldrel-macos-x86_64
Version: 0.1.0
Check: dependencies in R code
Result: NOTE
Namespace in Imports field not imported from: ‘utils’
All declared Imports should be used.
Flavors: r-devel-linux-x86_64-fedora-clang, r-devel-linux-x86_64-fedora-gcc, r-release-macos-arm64, r-release-macos-x86_64, r-oldrel-macos-arm64, r-oldrel-macos-x86_64
Version: 0.1.0
Check: whether package can be installed
Result: ERROR
Installation failed.
Flavor: r-oldrel-windows-ix86+x86_64