CRAN Package Check Results for Package SIBER

Last updated on 2020-09-29 15:47:46 CEST.

Flavor Version Tinstall Tcheck Ttotal Status Flags
r-devel-linux-x86_64-debian-clang 2.1.5 6.28 192.67 198.95 OK
r-devel-linux-x86_64-debian-gcc 2.1.5 4.44 133.17 137.61 OK
r-devel-linux-x86_64-fedora-clang 2.1.5 221.64 OK
r-devel-linux-x86_64-fedora-gcc 2.1.5 217.67 OK
r-devel-windows-ix86+x86_64 2.1.5 13.00 222.00 235.00 OK
r-patched-linux-x86_64 2.1.5 5.97 179.41 185.38 OK
r-patched-solaris-x86 2.1.5 291.00 OK
r-release-linux-x86_64 2.1.5 5.06 179.44 184.50 OK
r-release-macos-x86_64 2.1.5 OK
r-release-windows-ix86+x86_64 2.1.5 15.00 230.00 245.00 OK
r-oldrel-macos-x86_64 2.1.5 ERROR
r-oldrel-windows-ix86+x86_64 2.1.4 15.00 185.00 200.00 OK

Check Details

Version: 2.1.5
Check: whether package can be installed
Result: ERROR
    Installation failed.
Flavor: r-oldrel-macos-x86_64