CRAN Package Check Results for Package SEMgraph

Last updated on 2022-06-27 15:53:54 CEST.

Flavor Version Tinstall Tcheck Ttotal Status Flags
r-devel-linux-x86_64-debian-clang 1.1.1 44.07 360.25 404.32 OK
r-devel-linux-x86_64-debian-gcc 1.1.1 41.21 270.50 311.71 OK
r-devel-linux-x86_64-fedora-clang 1.1.1 493.71 WARN
r-devel-linux-x86_64-fedora-gcc 1.1.1 490.90 WARN
r-devel-windows-x86_64 1.1.1 91.00 393.00 484.00 OK
r-patched-linux-x86_64 1.1.1 43.76 345.61 389.37 OK
r-release-linux-x86_64 1.1.1 37.89 343.52 381.41 OK
r-release-macos-arm64 1.1.1 145.00 OK
r-release-macos-x86_64 1.1.1 225.00 OK
r-release-windows-x86_64 1.1.1 99.00 387.00 486.00 OK
r-oldrel-macos-arm64 1.1.1 111.00 OK
r-oldrel-macos-x86_64 1.1.1 167.00 OK
r-oldrel-windows-ix86+x86_64 1.1.1 91.00 394.00 485.00 OK

Check Details

Version: 1.1.1
Check: package dependencies
Result: WARN
    Requires (indirectly) orphaned package: ‘gtools’
Flavors: r-devel-linux-x86_64-fedora-clang, r-devel-linux-x86_64-fedora-gcc