CRAN Package Check Results for Package SEAsic

Last updated on 2020-09-22 16:02:40 CEST.

Flavor Version Tinstall Tcheck Ttotal Status Flags
r-devel-linux-x86_64-debian-clang 0.1 2.95 22.57 25.52 NOTE
r-devel-linux-x86_64-debian-gcc 0.1 1.89 17.78 19.67 NOTE
r-devel-linux-x86_64-fedora-clang 0.1 40.06 NOTE
r-devel-linux-x86_64-fedora-gcc 0.1 30.71 NOTE
r-devel-windows-ix86+x86_64 0.1 5.00 30.00 35.00 NOTE
r-patched-linux-x86_64 0.1 2.38 22.41 24.79 NOTE
r-patched-solaris-x86 0.1 45.80 NOTE
r-release-linux-x86_64 0.1 2.37 22.23 24.60 NOTE
r-release-macos-x86_64 0.1 NOTE
r-release-windows-ix86+x86_64 0.1 5.00 33.00 38.00 NOTE
r-oldrel-macos-x86_64 0.1 NOTE
r-oldrel-windows-ix86+x86_64 0.1 5.00 38.00 43.00 NOTE

Check Details

Version: 0.1
Check: R code for possible problems
Result: NOTE
    adx: no visible global function definition for 'abline'
    adx: no visible global function definition for 'legend'
    dx: no visible global function definition for 'abline'
    dx: no visible global function definition for 'legend'
    maxd: no visible global function definition for 'abline'
    maxd: no visible global function definition for 'legend'
    pc: no visible global function definition for 'rainbow'
    pc: no visible global function definition for 'abline'
    pc: no visible global function definition for 'legend'
    pc: no visible global function definition for 'points'
    pcu: no visible global function definition for 'rainbow'
    pcu: no visible global function definition for 'abline'
    pcu: no visible global function definition for 'legend'
    pcu: no visible global function definition for 'points'
    rmsd: no visible global function definition for 'abline'
    rmsd: no visible global function definition for 'legend'
    rsd: no visible global function definition for 'abline'
    rsd: no visible global function definition for 'legend'
    Undefined global functions or variables:
     abline legend points rainbow
    Consider adding
     importFrom("grDevices", "rainbow")
     importFrom("graphics", "abline", "legend", "points")
    to your NAMESPACE file.
Flavors: r-devel-linux-x86_64-debian-clang, r-devel-linux-x86_64-debian-gcc, r-devel-linux-x86_64-fedora-clang, r-devel-linux-x86_64-fedora-gcc, r-devel-windows-ix86+x86_64, r-patched-linux-x86_64, r-patched-solaris-x86, r-release-linux-x86_64, r-release-macos-x86_64, r-release-windows-ix86+x86_64

Version: 0.1
Check: R code for possible problems
Result: NOTE
    adx: no visible global function definition for ‘abline’
    adx: no visible global function definition for ‘legend’
    dx: no visible global function definition for ‘abline’
    dx: no visible global function definition for ‘legend’
    maxd: no visible global function definition for ‘abline’
    maxd: no visible global function definition for ‘legend’
    pc: no visible global function definition for ‘rainbow’
    pc: no visible global function definition for ‘plot’
    pc: no visible global function definition for ‘abline’
    pc: no visible global function definition for ‘legend’
    pc: no visible global function definition for ‘points’
    pcu: no visible global function definition for ‘rainbow’
    pcu: no visible global function definition for ‘plot’
    pcu: no visible global function definition for ‘abline’
    pcu: no visible global function definition for ‘legend’
    pcu: no visible global function definition for ‘points’
    rmsd: no visible global function definition for ‘abline’
    rmsd: no visible global function definition for ‘legend’
    rsd: no visible global function definition for ‘abline’
    rsd: no visible global function definition for ‘legend’
    Undefined global functions or variables:
     abline legend plot points rainbow
    Consider adding
     importFrom("grDevices", "rainbow")
     importFrom("graphics", "abline", "legend", "plot", "points")
    to your NAMESPACE file.
Flavors: r-oldrel-macos-x86_64, r-oldrel-windows-ix86+x86_64