CRAN Package Check Results for Package SEAsic

Last updated on 2021-09-19 03:51:30 CEST.

Flavor Version Tinstall Tcheck Ttotal Status Flags
r-devel-linux-x86_64-debian-clang 0.1 2.92 25.61 28.53 NOTE
r-devel-linux-x86_64-debian-gcc 0.1 2.03 19.93 21.96 NOTE
r-devel-linux-x86_64-fedora-clang 0.1 43.49 NOTE
r-devel-linux-x86_64-fedora-gcc 0.1 32.40 NOTE
r-devel-windows-x86_64 0.1 4.00 34.00 38.00 NOTE
r-devel-windows-x86_64-gcc10-UCRT 0.1 ERROR
r-patched-linux-x86_64 0.1 2.32 24.80 27.12 NOTE
r-patched-solaris-x86 0.1 52.20 NOTE
r-release-linux-x86_64 0.1 2.23 24.82 27.05 NOTE
r-release-macos-arm64 0.1 NOTE
r-release-macos-x86_64 0.1 NOTE
r-release-windows-ix86+x86_64 0.1 5.00 45.00 50.00 NOTE
r-oldrel-macos-x86_64 0.1 NOTE
r-oldrel-windows-ix86+x86_64 0.1 4.00 37.00 41.00 NOTE

Check Details

Version: 0.1
Check: R code for possible problems
Result: NOTE
    adx: no visible global function definition for 'abline'
    adx: no visible global function definition for 'legend'
    dx: no visible global function definition for 'abline'
    dx: no visible global function definition for 'legend'
    maxd: no visible global function definition for 'abline'
    maxd: no visible global function definition for 'legend'
    pc: no visible global function definition for 'rainbow'
    pc: no visible global function definition for 'abline'
    pc: no visible global function definition for 'legend'
    pc: no visible global function definition for 'points'
    pcu: no visible global function definition for 'rainbow'
    pcu: no visible global function definition for 'abline'
    pcu: no visible global function definition for 'legend'
    pcu: no visible global function definition for 'points'
    rmsd: no visible global function definition for 'abline'
    rmsd: no visible global function definition for 'legend'
    rsd: no visible global function definition for 'abline'
    rsd: no visible global function definition for 'legend'
    Undefined global functions or variables:
     abline legend points rainbow
    Consider adding
     importFrom("grDevices", "rainbow")
     importFrom("graphics", "abline", "legend", "points")
    to your NAMESPACE file.
Flavors: r-devel-linux-x86_64-debian-clang, r-devel-linux-x86_64-debian-gcc, r-devel-linux-x86_64-fedora-clang, r-devel-linux-x86_64-fedora-gcc, r-devel-windows-x86_64, r-devel-windows-x86_64-gcc10-UCRT, r-patched-linux-x86_64, r-patched-solaris-x86, r-release-linux-x86_64, r-release-macos-arm64, r-release-macos-x86_64, r-release-windows-ix86+x86_64, r-oldrel-macos-x86_64, r-oldrel-windows-ix86+x86_64

Version: 0.1
Check: whether package can be installed
Result: WARN
    Found the following significant warnings:
     WARNING: installation-time patches will not be applied, could not get the patches index
Flavor: r-devel-windows-x86_64-gcc10-UCRT

Version: 0.1
Check: PDF version of manual
Result: WARN
    LaTeX errors when creating PDF version.
    This typically indicates Rd problems.
Flavor: r-devel-windows-x86_64-gcc10-UCRT

Version: 0.1
Check: PDF version of manual without hyperrefs or index
Result: ERROR
    Re-running with no redirection of stdout/stderr.
Flavor: r-devel-windows-x86_64-gcc10-UCRT