CRAN Package Check Results for Package SDEFSR

Last updated on 2020-09-22 03:49:39 CEST.

Flavor Version Tinstall Tcheck Ttotal Status Flags
r-devel-linux-x86_64-debian-clang 0.7.21 10.97 64.74 75.71 OK
r-devel-linux-x86_64-debian-gcc 0.7.21 0.42 2.33 2.75 ERROR
r-devel-linux-x86_64-fedora-clang 0.7.21 98.69 NOTE
r-devel-linux-x86_64-fedora-gcc 0.7.21 113.17 NOTE
r-devel-windows-ix86+x86_64 0.7.21 15.00 68.00 83.00 OK
r-patched-linux-x86_64 0.7.21 8.82 64.77 73.59 OK
r-patched-solaris-x86 0.7.21 114.40 NOTE
r-release-linux-x86_64 0.7.21 8.34 63.85 72.19 OK
r-release-macos-x86_64 0.7.21 NOTE
r-release-windows-ix86+x86_64 0.7.21 16.00 84.00 100.00 OK
r-oldrel-macos-x86_64 0.7.21 NOTE
r-oldrel-windows-ix86+x86_64 0.7.21 9.00 74.00 83.00 OK

Check Details

Version: 0.7.21
Check: whether package can be installed
Result: ERROR
    Installation failed.
Flavor: r-devel-linux-x86_64-debian-gcc

Version: 0.7.21
Check: dependencies in R code
Result: NOTE
    Namespace in Imports field not imported from: ‘grDevices’
     All declared Imports should be used.
Flavors: r-devel-linux-x86_64-fedora-clang, r-devel-linux-x86_64-fedora-gcc, r-patched-solaris-x86, r-release-macos-x86_64, r-oldrel-macos-x86_64