CRAN Package Check Results for Package SDEFSR

Last updated on 2021-09-19 03:51:30 CEST.

Flavor Version Tinstall Tcheck Ttotal Status Flags
r-devel-linux-x86_64-debian-clang 0.7.22 8.70 96.33 105.03 OK
r-devel-linux-x86_64-debian-gcc 0.7.22 8.54 72.09 80.63 OK
r-devel-linux-x86_64-fedora-clang 0.7.22 133.43 OK
r-devel-linux-x86_64-fedora-gcc 0.7.22 121.41 OK
r-devel-windows-x86_64 0.7.22 14.00 124.00 138.00 OK
r-devel-windows-x86_64-gcc10-UCRT 0.7.22 ERROR
r-patched-linux-x86_64 0.7.22 9.53 75.31 84.84 OK
r-patched-solaris-x86 0.7.22 120.70 OK
r-release-linux-x86_64 0.7.22 9.43 74.99 84.42 OK
r-release-macos-arm64 0.7.22 OK
r-release-macos-x86_64 0.7.22 OK
r-release-windows-ix86+x86_64 0.7.22 16.00 112.00 128.00 OK
r-oldrel-macos-x86_64 0.7.22 OK
r-oldrel-windows-ix86+x86_64 0.7.22 18.00 100.00 118.00 OK

Check Details

Version: 0.7.22
Check: whether package can be installed
Result: WARN
    Found the following significant warnings:
     WARNING: installation-time patches will not be applied, could not get the patches index
Flavor: r-devel-windows-x86_64-gcc10-UCRT

Version: 0.7.22
Check: PDF version of manual
Result: WARN
    LaTeX errors when creating PDF version.
    This typically indicates Rd problems.
Flavor: r-devel-windows-x86_64-gcc10-UCRT

Version: 0.7.22
Check: PDF version of manual without hyperrefs or index
Result: ERROR
    Re-running with no redirection of stdout/stderr.
Flavor: r-devel-windows-x86_64-gcc10-UCRT