Last updated on 2022-07-04 15:54:52 CEST.
Flavor | Version | Tinstall | Tcheck | Ttotal | Status | Flags |
---|---|---|---|---|---|---|
r-devel-linux-x86_64-debian-clang | 0.9-55 | 9.00 | 70.43 | 79.43 | OK | |
r-devel-linux-x86_64-debian-gcc | 0.9-55 | 7.19 | 53.39 | 60.58 | OK | |
r-devel-linux-x86_64-fedora-clang | 0.9-55 | 107.93 | NOTE | |||
r-devel-linux-x86_64-fedora-gcc | 0.9-55 | 104.47 | NOTE | |||
r-devel-windows-x86_64 | 0.9-55 | 32.00 | 101.00 | 133.00 | OK | |
r-patched-linux-x86_64 | 0.9-55 | 9.31 | 68.21 | 77.52 | OK | |
r-release-linux-x86_64 | 0.9-55 | 9.43 | 67.44 | 76.87 | OK | |
r-release-macos-arm64 | 0.9-55 | 32.00 | NOTE | |||
r-release-macos-x86_64 | 0.9-55 | 59.00 | NOTE | |||
r-release-windows-x86_64 | 0.9-55 | 16.00 | 99.00 | 115.00 | OK | |
r-oldrel-macos-arm64 | 0.9-55 | 46.00 | NOTE | |||
r-oldrel-macos-x86_64 | 0.9-55 | 52.00 | NOTE | |||
r-oldrel-windows-ix86+x86_64 | 0.9-55 | 20.00 | 93.00 | 113.00 | OK |
Version: 0.9-55
Check: data for non-ASCII characters
Result: NOTE
Note: found 2 marked UTF-8 strings
Flavors: r-devel-linux-x86_64-fedora-clang, r-devel-linux-x86_64-fedora-gcc, r-release-macos-arm64, r-release-macos-x86_64, r-oldrel-macos-arm64, r-oldrel-macos-x86_64