Last updated on 2022-08-10 04:54:12 CEST.
Flavor | Version | Tinstall | Tcheck | Ttotal | Status | Flags |
---|---|---|---|---|---|---|
r-devel-linux-x86_64-debian-clang | 1.0.0 | 53.90 | 533.11 | 587.01 | OK | |
r-devel-linux-x86_64-debian-gcc | 1.0.0 | 42.90 | 391.92 | 434.82 | OK | |
r-devel-linux-x86_64-fedora-clang | 1.0.0 | 736.43 | NOTE | |||
r-devel-linux-x86_64-fedora-gcc | 1.0.0 | 732.15 | NOTE | |||
r-devel-windows-x86_64 | 1.0.0 | 53.00 | 532.00 | 585.00 | OK | |
r-patched-linux-x86_64 | 1.0.0 | 37.55 | 497.29 | 534.84 | OK | |
r-release-linux-x86_64 | 1.0.0 | OK | ||||
r-release-macos-arm64 | 1.0.0 | 180.00 | NOTE | |||
r-release-macos-x86_64 | 1.0.0 | 288.00 | NOTE | |||
r-release-windows-x86_64 | 1.0.0 | 55.00 | 525.00 | 580.00 | OK | |
r-oldrel-macos-arm64 | 1.0.0 | 245.00 | NOTE | |||
r-oldrel-macos-x86_64 | 1.0.0 | 6.00 | ERROR | |||
r-oldrel-windows-ix86+x86_64 | 1.0.0 | 108.00 | 528.00 | 636.00 | OK |
Version: 1.0.0
Check: dependencies in R code
Result: NOTE
Namespaces in Imports field not imported from:
‘BiocManager’ ‘crayon’ ‘knitr’ ‘methods’
All declared Imports should be used.
Flavors: r-devel-linux-x86_64-fedora-clang, r-devel-linux-x86_64-fedora-gcc, r-release-macos-arm64, r-release-macos-x86_64, r-oldrel-macos-arm64
Version: 1.0.0
Check: package dependencies
Result: ERROR
Packages required and available but unsuitable versions:
'S4Vectors', 'SummarizedExperiment', 'SingleCellExperiment', 'edgeR'
See section ‘The DESCRIPTION file’ in the ‘Writing R Extensions’
manual.
Flavor: r-oldrel-macos-x86_64