CRAN Package Check Results for Package SCEPtER

Last updated on 2020-11-25 15:52:08 CET.

Flavor Version Tinstall Tcheck Ttotal Status Flags
r-devel-linux-x86_64-debian-clang 0.2-1 5.66 25.16 30.82 OK
r-devel-linux-x86_64-debian-gcc 0.2-1 4.48 20.35 24.83 OK
r-devel-linux-x86_64-fedora-clang 0.2-1 42.78 NOTE
r-devel-linux-x86_64-fedora-gcc 0.2-1 33.19 NOTE
r-devel-windows-ix86+x86_64 0.2-1 10.00 42.00 52.00 NOTE
r-patched-linux-x86_64 0.2-1 4.96 24.40 29.36 OK
r-patched-solaris-x86 0.2-1 55.20 NOTE
r-release-linux-x86_64 0.2-1 5.69 25.29 30.98 OK
r-release-macos-x86_64 0.2-1 NOTE
r-release-windows-ix86+x86_64 0.2-1 10.00 57.00 67.00 NOTE
r-oldrel-macos-x86_64 0.2-1 NOTE
r-oldrel-windows-ix86+x86_64 0.2-1 8.00 43.00 51.00 NOTE

Check Details

Version: 0.2-1
Check: installed package size
Result: NOTE
     installed size is 6.8Mb
     sub-directories of 1Mb or more:
     data 6.7Mb
Flavors: r-devel-linux-x86_64-fedora-clang, r-devel-windows-ix86+x86_64, r-patched-solaris-x86, r-release-macos-x86_64, r-release-windows-ix86+x86_64, r-oldrel-macos-x86_64, r-oldrel-windows-ix86+x86_64

Version: 0.2-1
Check: compiled code
Result: NOTE
    File ‘SCEPtER/libs/SCEPtER.so’:
     Found no calls to: ‘R_registerRoutines’, ‘R_useDynamicSymbols’
    
    It is good practice to register native routines and to disable symbol
    search.
    
    See ‘Writing portable packages’ in the ‘Writing R Extensions’ manual.
Flavors: r-devel-linux-x86_64-fedora-clang, r-devel-linux-x86_64-fedora-gcc