CRAN Package Check Results for Package SAR

Last updated on 2022-06-25 15:51:32 CEST.

Flavor Version Tinstall Tcheck Ttotal Status Flags
r-devel-linux-x86_64-debian-clang 1.0.3 75.31 103.71 179.02 NOTE
r-devel-linux-x86_64-debian-gcc 1.0.3 61.75 77.51 139.26 NOTE
r-devel-linux-x86_64-fedora-clang 1.0.3 248.89 NOTE
r-devel-linux-x86_64-fedora-gcc 1.0.3 237.91 NOTE
r-devel-windows-x86_64 1.0.3 76.00 153.00 229.00 NOTE
r-patched-linux-x86_64 1.0.3 67.55 98.70 166.25 NOTE
r-release-linux-x86_64 1.0.3 54.16 97.99 152.15 NOTE
r-release-macos-arm64 1.0.3 61.00 NOTE
r-release-macos-x86_64 1.0.3 104.00 NOTE
r-release-windows-x86_64 1.0.3 78.00 149.00 227.00 NOTE
r-oldrel-macos-arm64 1.0.3 71.00 NOTE
r-oldrel-macos-x86_64 1.0.3 118.00 NOTE
r-oldrel-windows-ix86+x86_64 1.0.3 195.00 181.00 376.00 NOTE

Check Details

Version: 1.0.3
Check: for GNU extensions in Makefiles
Result: NOTE
    GNU make is a SystemRequirements.
Flavors: r-devel-linux-x86_64-debian-clang, r-devel-linux-x86_64-debian-gcc, r-devel-linux-x86_64-fedora-clang, r-devel-linux-x86_64-fedora-gcc, r-devel-windows-x86_64, r-patched-linux-x86_64, r-release-linux-x86_64, r-release-macos-arm64, r-release-macos-x86_64, r-release-windows-x86_64, r-oldrel-macos-arm64, r-oldrel-macos-x86_64, r-oldrel-windows-ix86+x86_64

Version: 1.0.3
Check: dependencies in R code
Result: NOTE
    Namespaces in Imports field not imported from:
     ‘httr’ ‘jsonlite’
     All declared Imports should be used.
Flavors: r-devel-linux-x86_64-fedora-clang, r-devel-linux-x86_64-fedora-gcc, r-release-macos-arm64, r-release-macos-x86_64, r-oldrel-macos-arm64, r-oldrel-macos-x86_64