CRAN Package Check Results for Package SALES

Last updated on 2020-09-29 15:47:45 CEST.

Flavor Version Tinstall Tcheck Ttotal Status Flags
r-devel-linux-x86_64-debian-clang 1.0.0 10.99 69.34 80.33 OK
r-devel-linux-x86_64-debian-gcc 1.0.0 7.96 52.81 60.77 OK
r-devel-linux-x86_64-fedora-clang 1.0.0 103.79 NOTE
r-devel-linux-x86_64-fedora-gcc 1.0.0 93.11 NOTE
r-devel-windows-ix86+x86_64 1.0.0 23.00 124.00 147.00 OK
r-patched-linux-x86_64 1.0.0 9.55 64.10 73.65 OK
r-patched-solaris-x86 1.0.0 133.80 OK
r-release-linux-x86_64 1.0.0 9.26 64.61 73.87 OK
r-release-macos-x86_64 1.0.0 OK
r-release-windows-ix86+x86_64 1.0.0 29.00 108.00 137.00 OK
r-oldrel-macos-x86_64 1.0.0 OK
r-oldrel-windows-ix86+x86_64 1.0.0 23.00 116.00 139.00 OK

Check Details

Version: 1.0.0
Check: compiled code
Result: NOTE
    File ‘SALES/libs/SALES.so’:
     Found no calls to: ‘R_registerRoutines’, ‘R_useDynamicSymbols’
    
    It is good practice to register native routines and to disable symbol
    search.
    
    See ‘Writing portable packages’ in the ‘Writing R Extensions’ manual.
Flavors: r-devel-linux-x86_64-fedora-clang, r-devel-linux-x86_64-fedora-gcc