Last updated on 2022-05-18 15:49:14 CEST.
Flavor | Version | Tinstall | Tcheck | Ttotal | Status | Flags |
---|---|---|---|---|---|---|
r-devel-linux-x86_64-debian-clang | 1.1.3.1 | 104.28 | 108.31 | 212.59 | OK | |
r-devel-linux-x86_64-debian-gcc | 1.1.3.1 | 90.76 | 80.62 | 171.38 | OK | |
r-devel-linux-x86_64-fedora-clang | 1.1.3.1 | 311.10 | NOTE | |||
r-devel-linux-x86_64-fedora-gcc | 1.1.3.1 | 284.09 | OK | |||
r-devel-windows-x86_64 | 1.1.3.1 | 226.00 | 190.00 | 416.00 | NOTE | |
r-patched-linux-x86_64 | 1.1.3.1 | 96.66 | 103.11 | 199.77 | OK | |
r-release-linux-x86_64 | 1.1.3.1 | 94.96 | 104.44 | 199.40 | OK | |
r-release-macos-arm64 | 1.1.3.1 | 73.00 | NOTE | |||
r-release-macos-x86_64 | 1.1.3.1 | 104.00 | NOTE | |||
r-release-windows-x86_64 | 1.1.3.1 | 247.00 | 196.00 | 443.00 | NOTE | |
r-oldrel-macos-arm64 | 1.1.3.1 | 93.00 | NOTE | |||
r-oldrel-macos-x86_64 | 1.1.3.1 | 152.00 | NOTE | |||
r-oldrel-windows-ix86+x86_64 | 1.1.3.1 | 277.00 | 200.00 | 477.00 | NOTE |
Version: 1.1.3.1
Check: installed package size
Result: NOTE
installed size is 7.9Mb
sub-directories of 1Mb or more:
libs 5.7Mb
yacas 1.6Mb
Flavors: r-devel-linux-x86_64-fedora-clang, r-release-macos-arm64, r-release-macos-x86_64, r-oldrel-macos-arm64, r-oldrel-macos-x86_64
Version: 1.1.3.1
Check: package dependencies
Result: NOTE
Package suggested but not available for checking: 'unix'
Flavors: r-devel-windows-x86_64, r-release-windows-x86_64, r-oldrel-windows-ix86+x86_64