CRAN Package Check Results for Package Rvcg

Last updated on 2022-12-02 04:00:21 CET.

Flavor Version Tinstall Tcheck Ttotal Status Flags
r-devel-linux-x86_64-debian-clang 0.22 764.94 54.23 819.17 OK
r-devel-linux-x86_64-debian-gcc 0.22 632.41 47.72 680.13 OK
r-devel-linux-x86_64-fedora-clang 0.22 1309.07 OK
r-devel-linux-x86_64-fedora-gcc 0.22 1262.17 OK
r-devel-windows-x86_64 0.22 649.00 150.00 799.00 OK
r-patched-linux-x86_64 0.22 681.83 57.03 738.86 OK
r-release-linux-x86_64 0.22 682.60 57.85 740.45 OK
r-release-macos-arm64 0.22 291.00 NOTE
r-release-macos-x86_64 0.22 308.00 NOTE
r-release-windows-x86_64 0.22 662.00 144.00 806.00 OK
r-oldrel-macos-arm64 0.22 256.00 NOTE
r-oldrel-macos-x86_64 0.22 304.00 NOTE
r-oldrel-windows-ix86+x86_64 0.22 1828.00 146.00 1974.00 NOTE

Check Details

Version: 0.22
Check: installed package size
Result: NOTE
     installed size is 48.7Mb
     sub-directories of 1Mb or more:
     libs 47.5Mb
Flavors: r-release-macos-arm64, r-release-macos-x86_64, r-oldrel-macos-arm64, r-oldrel-macos-x86_64, r-oldrel-windows-ix86+x86_64