CRAN Package Check Results for Package RtutoR

Last updated on 2020-09-22 16:02:39 CEST.

Flavor Version Tinstall Tcheck Ttotal Status Flags
r-devel-linux-x86_64-debian-clang 1.2 16.43 124.26 140.69 OK
r-devel-linux-x86_64-debian-gcc 1.2 15.21 92.84 108.05 OK
r-devel-linux-x86_64-fedora-clang 1.2 196.48 NOTE
r-devel-linux-x86_64-fedora-gcc 1.2 185.76 NOTE
r-devel-windows-ix86+x86_64 1.2 37.00 112.00 149.00 OK
r-patched-linux-x86_64 1.2 16.39 119.85 136.24 OK
r-release-linux-x86_64 1.2 18.03 122.15 140.18 OK
r-release-macos-x86_64 1.2 NOTE
r-release-windows-ix86+x86_64 1.2 37.00 141.00 178.00 OK
r-oldrel-macos-x86_64 1.2 NOTE
r-oldrel-windows-ix86+x86_64 1.2 22.00 97.00 119.00 OK

Check Details

Version: 1.2
Check: dependencies in R code
Result: NOTE
    Namespaces in Imports field not imported from:
     ‘DT’ ‘rmarkdown’
     All declared Imports should be used.
Flavors: r-devel-linux-x86_64-fedora-clang, r-devel-linux-x86_64-fedora-gcc, r-release-macos-x86_64, r-oldrel-macos-x86_64