CRAN Package Check Results for Package Rthingsboard

Last updated on 2022-10-07 03:56:07 CEST.

Flavor Version Tinstall Tcheck Ttotal Status Flags
r-devel-linux-x86_64-debian-clang 0.2.7 5.07 51.56 56.63 OK
r-devel-linux-x86_64-debian-gcc 0.2.7 4.45 38.09 42.54 OK
r-devel-linux-x86_64-fedora-clang 0.2.7 84.07 NOTE
r-devel-linux-x86_64-fedora-gcc 0.2.7 78.92 NOTE
r-devel-windows-x86_64 0.2.7 31.00 76.00 107.00 OK
r-patched-linux-x86_64 0.2.7 5.09 46.03 51.12 OK
r-release-linux-x86_64 0.2.7 4.93 47.80 52.73 OK
r-release-macos-arm64 0.2.7 22.00 NOTE
r-release-macos-x86_64 0.2.7 43.00 NOTE
r-release-windows-x86_64 0.2.7 32.00 75.00 107.00 OK
r-oldrel-macos-arm64 0.2.7 24.00 NOTE
r-oldrel-macos-x86_64 0.2.7 30.00 NOTE
r-oldrel-windows-ix86+x86_64 0.2.7 16.00 72.00 88.00 OK

Check Details

Version: 0.2.7
Check: dependencies in R code
Result: NOTE
    Namespaces in Imports field not imported from:
     ‘httr’ ‘logger’
     All declared Imports should be used.
Flavors: r-devel-linux-x86_64-fedora-clang, r-devel-linux-x86_64-fedora-gcc, r-release-macos-arm64, r-release-macos-x86_64, r-oldrel-macos-arm64, r-oldrel-macos-x86_64