CRAN Package Check Results for Package Rthingsboard

Last updated on 2025-01-25 03:50:06 CET.

Flavor Version Tinstall Tcheck Ttotal Status Flags
r-devel-linux-x86_64-debian-clang 0.2.7 4.56 34.21 38.77 OK
r-devel-linux-x86_64-debian-gcc 0.2.7 2.84 24.55 27.39 OK
r-devel-linux-x86_64-fedora-clang 0.2.7 61.16 NOTE
r-devel-linux-x86_64-fedora-gcc 0.2.7 56.21 NOTE
r-devel-windows-x86_64 0.2.7 7.00 52.00 59.00 OK
r-patched-linux-x86_64 0.2.7 4.40 31.07 35.47 OK
r-release-linux-x86_64 0.2.7 3.80 30.88 34.68 OK
r-release-macos-arm64 0.2.7 21.00 OK
r-release-macos-x86_64 0.2.7 32.00 OK
r-release-windows-x86_64 0.2.7 5.00 54.00 59.00 OK
r-oldrel-macos-arm64 0.2.7 21.00 OK
r-oldrel-macos-x86_64 0.2.7 31.00 OK
r-oldrel-windows-x86_64 0.2.7 6.00 57.00 63.00 OK

Check Details

Version: 0.2.7
Check: dependencies in R code
Result: NOTE Namespaces in Imports field not imported from: ‘httr’ ‘logger’ All declared Imports should be used. Flavors: r-devel-linux-x86_64-fedora-clang, r-devel-linux-x86_64-fedora-gcc