CRAN Package Check Results for Package Rssa

Last updated on 2020-10-23 15:48:16 CEST.

Flavor Version Tinstall Tcheck Ttotal Status Flags
r-devel-linux-x86_64-debian-clang 1.0.2 20.09 133.06 153.15 NOTE
r-devel-linux-x86_64-debian-gcc 1.0.2 15.57 98.52 114.09 NOTE
r-devel-linux-x86_64-fedora-clang 1.0.2 188.07 NOTE
r-devel-linux-x86_64-fedora-gcc 1.0.2 178.27 NOTE
r-devel-windows-ix86+x86_64 1.0.2 36.00 221.00 257.00 OK
r-patched-linux-x86_64 1.0.2 19.35 121.74 141.09 NOTE
r-patched-solaris-x86 1.0.2 268.40 NOTE
r-release-linux-x86_64 1.0.2 17.82 122.27 140.09 NOTE
r-release-macos-x86_64 1.0.2 OK
r-release-windows-ix86+x86_64 1.0.2 42.00 212.00 254.00 OK
r-oldrel-macos-x86_64 1.0.2 OK
r-oldrel-windows-ix86+x86_64 1.0.2 33.00 215.00 248.00 OK

Check Details

Version: 1.0.2
Check: package dependencies
Result: NOTE
    Package suggested but not available for checking: 'PRIMME'
Flavors: r-devel-linux-x86_64-debian-clang, r-devel-linux-x86_64-debian-gcc, r-devel-linux-x86_64-fedora-clang, r-devel-linux-x86_64-fedora-gcc, r-patched-linux-x86_64, r-patched-solaris-x86, r-release-linux-x86_64