CRAN Package Check Results for Package RsqMed

Last updated on 2020-09-29 15:47:45 CEST.

Flavor Version Tinstall Tcheck Ttotal Status Flags
r-devel-linux-x86_64-debian-clang 0.1.7.1 2.42 39.69 42.11 OK
r-devel-linux-x86_64-debian-gcc 0.1.7.1 1.90 30.28 32.18 OK
r-devel-linux-x86_64-fedora-clang 0.1.7.1 59.46 OK
r-devel-linux-x86_64-fedora-gcc 0.1.7.1 49.78 OK
r-devel-windows-ix86+x86_64 0.1.7.1 7.00 61.00 68.00 OK
r-patched-linux-x86_64 0.1.7.1 1.56 37.91 39.47 OK
r-release-linux-x86_64 0.1.7.1 1.60 37.85 39.45 OK
r-release-macos-x86_64 0.1.7.1 OK
r-release-windows-ix86+x86_64 0.1.7.1 6.00 60.00 66.00 OK
r-oldrel-macos-x86_64 0.1.7.1 ERROR
r-oldrel-windows-ix86+x86_64 0.1.7.1 4.00 60.00 64.00 OK

Check Details

Version: 0.1.7.1
Check: package dependencies
Result: ERROR
    Package required but not available: ‘GMMAT’
    
    See section ‘The DESCRIPTION file’ in the ‘Writing R Extensions’
    manual.
Flavor: r-oldrel-macos-x86_64