CRAN Package Check Results for Package Rphylopars

Last updated on 2020-09-24 15:48:40 CEST.

Flavor Version Tinstall Tcheck Ttotal Status Flags
r-devel-linux-x86_64-debian-clang 0.3.0 71.35 124.99 196.34 NOTE
r-devel-linux-x86_64-debian-gcc 0.3.0 54.25 92.12 146.37 NOTE
r-devel-linux-x86_64-fedora-clang 0.3.0 259.39 NOTE
r-devel-linux-x86_64-fedora-gcc 0.3.0 238.16 NOTE
r-devel-windows-ix86+x86_64 0.3.0 149.00 209.00 358.00 OK
r-patched-linux-x86_64 0.3.0 60.74 114.02 174.76 NOTE
r-patched-solaris-x86 0.3.0 285.40 NOTE
r-release-linux-x86_64 0.3.0 61.61 114.60 176.21 NOTE
r-release-macos-x86_64 0.3.0 NOTE
r-release-windows-ix86+x86_64 0.3.0 149.00 220.00 369.00 OK
r-oldrel-macos-x86_64 0.3.0 NOTE
r-oldrel-windows-ix86+x86_64 0.3.0 104.00 166.00 270.00 OK

Check Details

Version: 0.3.0
Check: Rd cross-references
Result: NOTE
    Unknown package 'phylocurve' in Rd xrefs
Flavors: r-devel-linux-x86_64-debian-clang, r-devel-linux-x86_64-debian-gcc, r-devel-linux-x86_64-fedora-gcc, r-patched-linux-x86_64, r-patched-solaris-x86, r-release-linux-x86_64, r-release-macos-x86_64

Version: 0.3.0
Check: installed package size
Result: NOTE
     installed size is 5.8Mb
     sub-directories of 1Mb or more:
     libs 5.6Mb
Flavors: r-devel-linux-x86_64-fedora-clang, r-release-macos-x86_64, r-oldrel-macos-x86_64

Version: 0.3.0
Check: Rd cross-references
Result: NOTE
    Undeclared packages ‘geomorph’, ‘phylocurve’ in Rd xrefs
    Unknown package ‘phylocurve’ in Rd xrefs
Flavor: r-devel-linux-x86_64-fedora-clang