CRAN Package Check Results for Package RoughSetKnowledgeReduction

Last updated on 2021-09-19 03:51:28 CEST.

Flavor Version Tinstall Tcheck Ttotal Status Flags
r-devel-linux-x86_64-debian-clang 0.1 4.49 37.65 42.14 NOTE
r-devel-linux-x86_64-debian-gcc 0.1 4.09 29.52 33.61 NOTE
r-devel-linux-x86_64-fedora-clang 0.1 62.44 NOTE
r-devel-linux-x86_64-fedora-gcc 0.1 50.49 NOTE
r-devel-windows-x86_64 0.1 6.00 45.00 51.00 NOTE
r-devel-windows-x86_64-gcc10-UCRT 0.1 ERROR
r-patched-linux-x86_64 0.1 6.05 36.48 42.53 NOTE
r-patched-solaris-x86 0.1 71.80 NOTE
r-release-linux-x86_64 0.1 5.41 36.53 41.94 NOTE
r-release-macos-arm64 0.1 NOTE
r-release-macos-x86_64 0.1 NOTE
r-release-windows-ix86+x86_64 0.1 10.00 62.00 72.00 NOTE
r-oldrel-macos-x86_64 0.1 NOTE
r-oldrel-windows-ix86+x86_64 0.1 9.00 56.00 65.00 NOTE

Check Details

Version: 0.1
Check: R code for possible problems
Result: NOTE
    .computeValueReduct: no visible global function definition for 'combn'
    .findAllReductsFromCore: no visible global function definition for
     'combn'
    .findFirstReductsFromCore: no visible global function definition for
     'combn'
    .findSmallestReductFamilyFromCore: no visible global function
     definition for 'combn'
    Undefined global functions or variables:
     combn
    Consider adding
     importFrom("utils", "combn")
    to your NAMESPACE file.
Flavors: r-devel-linux-x86_64-debian-clang, r-devel-linux-x86_64-debian-gcc, r-devel-linux-x86_64-fedora-clang, r-devel-linux-x86_64-fedora-gcc, r-devel-windows-x86_64, r-devel-windows-x86_64-gcc10-UCRT, r-patched-linux-x86_64, r-patched-solaris-x86, r-release-linux-x86_64, r-release-macos-arm64, r-release-macos-x86_64, r-release-windows-ix86+x86_64, r-oldrel-macos-x86_64, r-oldrel-windows-ix86+x86_64

Version: 0.1
Check: whether package can be installed
Result: WARN
    Found the following significant warnings:
     WARNING: installation-time patches will not be applied, could not get the patches index
Flavor: r-devel-windows-x86_64-gcc10-UCRT

Version: 0.1
Check: PDF version of manual
Result: WARN
    LaTeX errors when creating PDF version.
    This typically indicates Rd problems.
Flavor: r-devel-windows-x86_64-gcc10-UCRT

Version: 0.1
Check: PDF version of manual without hyperrefs or index
Result: ERROR
    Re-running with no redirection of stdout/stderr.
Flavor: r-devel-windows-x86_64-gcc10-UCRT